CRAN Package Check Results for Package reshape2

Last updated on 2024-06-25 00:58:13 CEST.

Flavor Version Tinstall Tcheck Ttotal Status Flags
r-devel-linux-x86_64-debian-clang 1.4.4 25.58 43.88 69.46 NOTE
r-devel-linux-x86_64-debian-gcc 1.4.4 17.40 32.62 50.02 NOTE
r-devel-linux-x86_64-fedora-clang 1.4.4 89.72 NOTE
r-devel-linux-x86_64-fedora-gcc 1.4.4 89.48 NOTE
r-devel-windows-x86_64 1.4.4 21.00 74.00 95.00 NOTE
r-patched-linux-x86_64 1.4.4 20.37 42.29 62.66 NOTE
r-release-linux-x86_64 1.4.4 21.34 42.11 63.45 NOTE
r-release-macos-arm64 1.4.4 26.00 NOTE
r-release-macos-x86_64 1.4.4 38.00 NOTE
r-release-windows-x86_64 1.4.4 22.00 74.00 96.00 NOTE
r-oldrel-macos-arm64 1.4.4 27.00 NOTE
r-oldrel-macos-x86_64 1.4.4 46.00 NOTE
r-oldrel-windows-x86_64 1.4.4 26.00 85.00 111.00 NOTE

Check Details

Version: 1.4.4
Check: Rd files
Result: NOTE checkRd: (-1) cast.Rd:45: Escaped LaTeX specials: \_ checkRd: (-1) cast.Rd:46: Escaped LaTeX specials: \_ Flavors: r-devel-linux-x86_64-debian-clang, r-devel-linux-x86_64-debian-gcc, r-devel-linux-x86_64-fedora-clang, r-devel-linux-x86_64-fedora-gcc, r-devel-windows-x86_64, r-patched-linux-x86_64, r-release-linux-x86_64, r-release-macos-arm64, r-release-macos-x86_64, r-release-windows-x86_64, r-oldrel-macos-arm64, r-oldrel-macos-x86_64, r-oldrel-windows-x86_64

Version: 1.4.4
Check: compiled code
Result: NOTE File ‘reshape2/libs/reshape2.so’: Found non-API call to R: ‘STRING_PTR’ Compiled code should not call non-API entry points in R. See ‘Writing portable packages’ in the ‘Writing R Extensions’ manual. Flavors: r-devel-linux-x86_64-debian-clang, r-devel-linux-x86_64-debian-gcc, r-devel-linux-x86_64-fedora-clang, r-devel-linux-x86_64-fedora-gcc

Version: 1.4.4
Check: compiled code
Result: NOTE File 'reshape2/libs/x64/reshape2.dll': Found non-API call to R: 'STRING_PTR' Compiled code should not call non-API entry points in R. See 'Writing portable packages' in the 'Writing R Extensions' manual. Flavor: r-devel-windows-x86_64