CRAN Package Check Results for Package restatis

Last updated on 2024-04-19 22:56:00 CEST.

Flavor Version Tinstall Tcheck Ttotal Status Flags
r-devel-linux-x86_64-debian-clang 0.1.0 6.23 54.78 61.01 OK
r-devel-linux-x86_64-debian-gcc 0.1.0 OK
r-devel-linux-x86_64-fedora-clang 0.1.0 76.01 NOTE
r-devel-linux-x86_64-fedora-gcc 0.1.0 83.85 NOTE
r-prerel-macos-arm64 0.1.0 31.00 OK
r-prerel-windows-x86_64 0.1.0 7.00 71.00 78.00 OK
r-patched-linux-x86_64 0.1.0 6.38 53.11 59.49 OK
r-release-linux-x86_64 0.1.0 3.53 50.92 54.45 OK
r-release-macos-arm64 0.1.0 31.00 OK
r-release-macos-x86_64 0.1.0 61.00 OK
r-release-windows-x86_64 0.1.0 8.00 72.00 80.00 OK
r-oldrel-macos-arm64 0.1.0 28.00 OK
r-oldrel-windows-x86_64 0.1.0 8.00 68.00 76.00 OK

Check Details

Version: 0.1.0
Check: data for non-ASCII characters
Result: NOTE Note: found 1172 marked UTF-8 strings Flavors: r-devel-linux-x86_64-fedora-clang, r-devel-linux-x86_64-fedora-gcc