CRAN Package Check Results for Package reticulate

Last updated on 2024-02-26 23:03:50 CET.

Flavor Version Tinstall Tcheck Ttotal Status Flags
r-devel-linux-x86_64-debian-clang 1.35.0 46.35 147.29 193.64 OK
r-devel-linux-x86_64-debian-gcc 1.35.0 41.85 110.12 151.97 OK
r-devel-linux-x86_64-fedora-clang 1.35.0 243.30 OK
r-devel-linux-x86_64-fedora-gcc 1.35.0 271.07 OK
r-devel-windows-x86_64 1.35.0 46.00 158.00 204.00 OK
r-patched-linux-x86_64 1.35.0 53.43 148.94 202.37 OK
r-release-linux-x86_64 1.35.0 46.61 141.72 188.33 OK
r-release-macos-arm64 1.35.0 92.00 NOTE
r-release-macos-x86_64 1.35.0 164.00 NOTE
r-release-windows-x86_64 1.35.0 58.00 176.00 234.00 OK
r-oldrel-macos-arm64 1.35.0 73.00 NOTE
r-oldrel-windows-x86_64 1.35.0 52.00 169.00 221.00 OK

Check Details

Version: 1.35.0
Check: installed package size
Result: NOTE installed size is 5.9Mb sub-directories of 1Mb or more: libs 3.6Mb Flavors: r-release-macos-arm64, r-release-macos-x86_64, r-oldrel-macos-arm64