CRAN Package Check Results for Package revengc

Last updated on 2024-02-26 23:03:50 CET.

Flavor Version Tinstall Tcheck Ttotal Status Flags
r-devel-linux-x86_64-debian-clang 1.0.4 7.53 78.91 86.44 NOTE
r-devel-linux-x86_64-debian-gcc 1.0.4 6.63 59.24 65.87 NOTE
r-devel-linux-x86_64-fedora-clang 1.0.4 107.24 NOTE
r-devel-linux-x86_64-fedora-gcc 1.0.4 113.91 NOTE
r-devel-windows-x86_64 1.0.4 8.00 96.00 104.00 NOTE
r-patched-linux-x86_64 1.0.4 7.17 77.80 84.97 NOTE
r-release-linux-x86_64 1.0.4 9.12 75.72 84.84 NOTE
r-release-macos-arm64 1.0.4 37.00 NOTE
r-release-macos-x86_64 1.0.4 52.00 NOTE
r-release-windows-x86_64 1.0.4 10.00 101.00 111.00 NOTE
r-oldrel-macos-arm64 1.0.4 30.00 OK
r-oldrel-windows-x86_64 1.0.4 11.00 106.00 117.00 OK

Check Details

Version: 1.0.4
Check: Rd files
Result: NOTE checkRd: (-1) rec.Rd:23: Escaped LaTeX specials: \$ Flavors: r-devel-linux-x86_64-debian-clang, r-devel-linux-x86_64-debian-gcc, r-devel-linux-x86_64-fedora-clang, r-devel-linux-x86_64-fedora-gcc, r-devel-windows-x86_64, r-patched-linux-x86_64, r-release-linux-x86_64, r-release-macos-arm64, r-release-macos-x86_64, r-release-windows-x86_64