CRAN Package Check Results for Package revtools

Last updated on 2024-02-23 21:56:57 CET.

Flavor Version Tinstall Tcheck Ttotal Status Flags
r-devel-linux-x86_64-debian-clang 0.4.1 NOTE
r-devel-linux-x86_64-debian-gcc 0.4.1 9.78 73.49 83.27 NOTE
r-devel-linux-x86_64-fedora-clang 0.4.1 137.52 NOTE
r-devel-linux-x86_64-fedora-gcc 0.4.1 128.94 NOTE
r-devel-windows-x86_64 0.4.1 13.00 95.00 108.00 NOTE
r-patched-linux-x86_64 0.4.1 8.97 97.44 106.41 NOTE
r-release-linux-x86_64 0.4.1 8.74 96.84 105.58 NOTE
r-release-macos-arm64 0.4.1 40.00 NOTE
r-release-macos-x86_64 0.4.1 67.00 NOTE
r-release-windows-x86_64 0.4.1 17.00 110.00 127.00 NOTE
r-oldrel-macos-arm64 0.4.1 38.00 NOTE
r-oldrel-windows-x86_64 0.4.1 17.00 119.00 136.00 NOTE

Check Details

Version: 0.4.1
Check: LazyData
Result: NOTE 'LazyData' is specified without a 'data' directory Flavors: r-devel-linux-x86_64-debian-clang, r-devel-linux-x86_64-debian-gcc, r-devel-linux-x86_64-fedora-clang, r-devel-linux-x86_64-fedora-gcc, r-devel-windows-x86_64, r-patched-linux-x86_64, r-release-linux-x86_64, r-release-macos-arm64, r-release-macos-x86_64, r-release-windows-x86_64, r-oldrel-macos-arm64, r-oldrel-windows-x86_64