CRAN Package Check Results for Package rgoogleclassroom

Last updated on 2024-07-23 23:48:23 CEST.

Flavor Version Tinstall Tcheck Ttotal Status Flags
r-devel-linux-x86_64-debian-clang 0.9.1 5.93 48.07 54.00 OK
r-devel-linux-x86_64-debian-gcc 0.9.1 4.22 36.27 40.49 NOTE
r-devel-linux-x86_64-fedora-clang 0.9.1 69.82 NOTE
r-devel-linux-x86_64-fedora-gcc 0.9.1 78.01 NOTE
r-devel-windows-x86_64 0.9.1 9.00 61.00 70.00 NOTE
r-patched-linux-x86_64 0.9.1 11.19 45.84 57.03 OK
r-release-linux-x86_64 0.9.1 3.56 46.32 49.88 OK
r-release-macos-arm64 0.9.1 29.00 OK
r-release-macos-x86_64 0.9.1 42.00 OK
r-release-windows-x86_64 0.9.1 7.00 62.00 69.00 OK
r-oldrel-macos-arm64 0.9.1 27.00 OK
r-oldrel-macos-x86_64 0.9.1 47.00 OK
r-oldrel-windows-x86_64 0.9.1 7.00 66.00 73.00 OK

Check Details

Version: 0.9.1
Check: Rd cross-references
Result: NOTE Found the following Rd file(s) with Rd \link{} targets missing package anchors: authorize.Rd: oauth2.0_token Please provide package anchors for all Rd \link{} targets not in the package itself and the base packages. Flavors: r-devel-linux-x86_64-debian-gcc, r-devel-windows-x86_64

Version: 0.9.1
Check: dependencies in R code
Result: NOTE Namespaces in Imports field not imported from: ‘attempt’ ‘curl’ ‘knitr’ All declared Imports should be used. Flavors: r-devel-linux-x86_64-fedora-clang, r-devel-linux-x86_64-fedora-gcc