CRAN Package Check Results for Package robregcc

Last updated on 2024-07-22 22:56:34 CEST.

Flavor Version Tinstall Tcheck Ttotal Status Flags
r-devel-linux-x86_64-debian-clang 1.1 40.20 39.61 79.81 OK
r-devel-linux-x86_64-debian-gcc 1.1 30.33 31.24 61.57 OK
r-devel-linux-x86_64-fedora-clang 1.1 121.26 OK
r-devel-linux-x86_64-fedora-gcc 1.1 120.64 OK
r-devel-windows-x86_64 1.1 35.00 73.00 108.00 NOTE
r-patched-linux-x86_64 1.1 39.80 40.38 80.18 OK
r-release-linux-x86_64 1.1 38.90 40.09 78.99 OK
r-release-macos-arm64 1.1 33.00 OK
r-release-macos-x86_64 1.1 61.00 OK
r-release-windows-x86_64 1.1 39.00 77.00 116.00 NOTE
r-oldrel-macos-arm64 1.1 38.00 NOTE
r-oldrel-macos-x86_64 1.1 54.00 OK
r-oldrel-windows-x86_64 1.1 48.00 89.00 137.00 NOTE

Check Details

Version: 1.1
Check: C++ specification
Result: NOTE Specified C++11: please drop specification unless essential Flavors: r-devel-windows-x86_64, r-release-windows-x86_64, r-oldrel-windows-x86_64

Version: 1.1
Check: installed package size
Result: NOTE installed size is 5.1Mb sub-directories of 1Mb or more: libs 4.7Mb Flavor: r-oldrel-macos-arm64