CRAN Package Check Results for Package robust2sls

Last updated on 2025-01-18 21:48:33 CET.

Flavor Version Tinstall Tcheck Ttotal Status Flags
r-devel-linux-x86_64-debian-clang 0.2.2 6.85 160.29 167.14 NOTE
r-devel-linux-x86_64-debian-gcc 0.2.2 3.89 108.34 112.23 NOTE
r-devel-linux-x86_64-fedora-clang 0.2.2 296.11 OK
r-devel-linux-x86_64-fedora-gcc 0.2.2 285.35 OK
r-devel-windows-x86_64 0.2.2 9.00 189.00 198.00 NOTE
r-patched-linux-x86_64 0.2.2 14.01 145.09 159.10 OK
r-release-linux-x86_64 0.2.2 5.71 147.01 152.72 OK
r-release-macos-arm64 0.2.2 79.00 OK
r-release-macos-x86_64 0.2.2 152.00 OK
r-release-windows-x86_64 0.2.2 8.00 175.00 183.00 OK
r-oldrel-macos-arm64 0.2.2 84.00 OK
r-oldrel-macos-x86_64 0.2.2 126.00 NOTE
r-oldrel-windows-x86_64 0.2.2 10.00 228.00 238.00 OK

Check Details

Version: 0.2.2
Check: Rd cross-references
Result: NOTE Found the following Rd file(s) with Rd \link{} targets missing package anchors: case_resampling.Rd: foreach Please provide package anchors for all Rd \link{} targets not in the package itself and the base packages. Flavors: r-devel-linux-x86_64-debian-clang, r-devel-linux-x86_64-debian-gcc, r-devel-windows-x86_64

Version: 0.2.2
Check: package dependencies
Result: NOTE Package suggested but not available for checking: ‘ivgets’ Flavor: r-oldrel-macos-x86_64

Version: 0.2.2
Check: Rd cross-references
Result: NOTE Package unavailable to check Rd xrefs: ‘ivgets’ Flavor: r-oldrel-macos-x86_64