CRAN Package Check Results for Package rpinterest

Last updated on 2024-07-22 22:56:34 CEST.

Flavor Version Tinstall Tcheck Ttotal Status Flags
r-devel-linux-x86_64-debian-clang 0.3.1 2.70 22.07 24.77 NOTE
r-devel-linux-x86_64-debian-gcc 0.3.1 2.00 17.38 19.38 NOTE
r-devel-linux-x86_64-fedora-clang 0.3.1 31.81 NOTE
r-devel-linux-x86_64-fedora-gcc 0.3.1 30.29 NOTE
r-devel-windows-x86_64 0.3.1 4.00 41.00 45.00 NOTE
r-patched-linux-x86_64 0.3.1 2.24 21.13 23.37 NOTE
r-release-linux-x86_64 0.3.1 2.53 21.86 24.39 NOTE
r-release-macos-arm64 0.3.1 15.00 NOTE
r-release-macos-x86_64 0.3.1 22.00 NOTE
r-release-windows-x86_64 0.3.1 3.00 40.00 43.00 NOTE
r-oldrel-macos-arm64 0.3.1 17.00 NOTE
r-oldrel-macos-x86_64 0.3.1 21.00 NOTE
r-oldrel-windows-x86_64 0.3.1 4.00 42.00 46.00 NOTE

Check Details

Version: 0.3.1
Check: LazyData
Result: NOTE 'LazyData' is specified without a 'data' directory Flavors: r-devel-linux-x86_64-debian-clang, r-devel-linux-x86_64-debian-gcc, r-devel-linux-x86_64-fedora-clang, r-devel-linux-x86_64-fedora-gcc, r-devel-windows-x86_64, r-patched-linux-x86_64, r-release-linux-x86_64, r-release-macos-arm64, r-release-macos-x86_64, r-release-windows-x86_64, r-oldrel-macos-arm64, r-oldrel-macos-x86_64, r-oldrel-windows-x86_64