CRAN Package Check Results for Package rquery

Last updated on 2024-04-14 22:54:29 CEST.

Flavor Version Tinstall Tcheck Ttotal Status Flags
r-devel-linux-x86_64-debian-clang 1.4.99 10.35 123.06 133.41 NOTE
r-devel-linux-x86_64-debian-gcc 1.4.99 10.14 86.12 96.26 NOTE
r-devel-linux-x86_64-fedora-clang 1.4.99 178.73 NOTE
r-devel-linux-x86_64-fedora-gcc 1.4.99 167.71 NOTE
r-devel-windows-x86_64 1.4.99 10.00 122.00 132.00 NOTE
r-patched-linux-x86_64 1.4.99 13.43 114.14 127.57 NOTE
r-release-linux-x86_64 1.4.99 14.92 112.29 127.21 OK
r-release-macos-arm64 1.4.99 58.00 OK
r-release-macos-x86_64 1.4.99 134.00 OK
r-release-windows-x86_64 1.4.99 9.00 140.00 149.00 OK
r-oldrel-macos-arm64 1.4.99 43.00 OK
r-oldrel-windows-x86_64 1.4.99 16.00 122.00 138.00 OK

Check Details

Version: 1.4.99
Check: Rd files
Result: NOTE checkRd: (-1) ex.Rd:20: Lost braces 20 | Execute a ops-dag using `code{wrap()}` data as values. | ^ checkRd: (-1) sql_node.Rd:29: Lost braces; missing escapes or markup? 29 | \item{expand_braces}{logical if TRUE use {col} notation to ensure {col} is a column name.} | ^ checkRd: (-1) sql_node.Rd:29: Lost braces; missing escapes or markup? 29 | \item{expand_braces}{logical if TRUE use {col} notation to ensure {col} is a column name.} | ^ Flavors: r-devel-linux-x86_64-debian-clang, r-devel-linux-x86_64-debian-gcc, r-devel-linux-x86_64-fedora-clang, r-devel-linux-x86_64-fedora-gcc, r-devel-windows-x86_64, r-patched-linux-x86_64