Last updated on 2025-01-18 21:48:33 CET.
Flavor | Version | Tinstall | Tcheck | Ttotal | Status | Flags |
---|---|---|---|---|---|---|
r-devel-linux-x86_64-debian-clang | 2.10.5 | 4.21 | 99.41 | 103.62 | NOTE | |
r-devel-linux-x86_64-debian-gcc | 2.10.5 | 2.85 | 78.12 | 80.97 | NOTE | |
r-devel-linux-x86_64-fedora-clang | 2.10.5 | 169.40 | NOTE | |||
r-devel-linux-x86_64-fedora-gcc | 2.10.5 | 188.27 | NOTE | |||
r-devel-windows-x86_64 | 2.10.5 | 8.00 | 95.00 | 103.00 | OK | |
r-patched-linux-x86_64 | 2.10.5 | 4.66 | 95.17 | 99.83 | NOTE | |
r-release-linux-x86_64 | 2.10.5 | 3.74 | 96.40 | 100.14 | NOTE | |
r-release-macos-arm64 | 2.10.5 | 78.00 | OK | |||
r-release-macos-x86_64 | 2.10.5 | 164.00 | OK | |||
r-release-windows-x86_64 | 2.10.5 | 8.00 | 96.00 | 104.00 | OK | |
r-oldrel-macos-arm64 | 2.10.5 | 70.00 | OK | |||
r-oldrel-macos-x86_64 | 2.10.5 | 94.00 | OK | |||
r-oldrel-windows-x86_64 | 2.10.5 | 10.00 | 106.00 | 116.00 | OK |
Version: 2.10.5
Check: Rd cross-references
Result: NOTE
Unknown package ‘Vdgraph’ in Rd xrefs
Flavors: r-devel-linux-x86_64-debian-clang, r-devel-linux-x86_64-debian-gcc, r-devel-linux-x86_64-fedora-clang, r-devel-linux-x86_64-fedora-gcc, r-patched-linux-x86_64, r-release-linux-x86_64
Version: 2.10.5
Check: package dependencies
Result: NOTE
Package suggested but not available for checking: ‘Vdgraph’
Flavors: r-patched-linux-x86_64, r-release-linux-x86_64