CRAN Package Check Results for Package rts

Last updated on 2023-12-02 23:13:58 CET.

Flavor Version Tinstall Tcheck Ttotal Status Flags
r-devel-linux-x86_64-debian-clang 1.1-14 34.70 298.82 333.52 NOTE
r-devel-linux-x86_64-debian-gcc 1.1-14 33.58 224.06 257.64 NOTE
r-devel-linux-x86_64-fedora-clang 1.1-14 433.15 NOTE
r-devel-linux-x86_64-fedora-gcc 1.1-14 429.78 OK
r-devel-windows-x86_64 1.1-14 35.00 194.00 229.00 OK
r-patched-linux-x86_64 1.1-14 32.28 293.76 326.04 OK
r-release-linux-x86_64 1.1-14 40.96 289.46 330.42 OK
r-release-macos-arm64 1.1-14 106.00 OK
r-release-macos-x86_64 1.1-14 306.00 OK
r-release-windows-x86_64 1.1-14 47.00 271.00 318.00 OK
r-oldrel-macos-arm64 1.1-14 90.00 OK
r-oldrel-macos-x86_64 1.1-14 131.00 OK
r-oldrel-windows-x86_64 1.1-14 50.00 244.00 294.00 OK

Check Details

Version: 1.1-14
Check: Rd files
Result: NOTE checkRd: (-1) rts.Rd:32: Lost braces 32 | If a name of a raster time series file is provided for the \code{x} argument, it acts the same as code{\link[rts]{read.rts}}. | ^ Flavors: r-devel-linux-x86_64-debian-clang, r-devel-linux-x86_64-debian-gcc

Version: 1.1-14
Check: Rd cross-references
Result: NOTE Undeclared package ‘sp’ in Rd xrefs Flavor: r-devel-linux-x86_64-fedora-clang