Last updated on 2023-12-09 06:02:18 CET.
Flavor | Version | Tinstall | Tcheck | Ttotal | Status | Flags |
---|---|---|---|---|---|---|
r-devel-linux-x86_64-debian-clang | 0.1.4 | 3.39 | 30.34 | 33.73 | OK | |
r-devel-linux-x86_64-debian-gcc | 0.1.4 | 2.50 | 24.22 | 26.72 | OK | |
r-devel-linux-x86_64-fedora-clang | 0.1.4 | 43.39 | NOTE | |||
r-devel-linux-x86_64-fedora-gcc | 0.1.4 | 41.05 | OK | |||
r-devel-windows-x86_64 | 0.1.4 | 4.00 | 48.00 | 52.00 | OK | |
r-patched-linux-x86_64 | 0.1.4 | 2.64 | 30.10 | 32.74 | OK | |
r-release-linux-x86_64 | 0.1.4 | 2.73 | 29.76 | 32.49 | OK | |
r-release-macos-arm64 | 0.1.4 | 20.00 | OK | |||
r-release-macos-x86_64 | 0.1.4 | 36.00 | OK | |||
r-release-windows-x86_64 | 0.1.4 | 5.00 | 51.00 | 56.00 | OK | |
r-oldrel-macos-arm64 | 0.1.4 | 24.00 | OK | |||
r-oldrel-macos-x86_64 | 0.1.4 | 29.00 | OK | |||
r-oldrel-windows-x86_64 | 0.1.4 | 5.00 | 50.00 | 55.00 | OK |
Version: 0.1.4
Check: package dependencies
Result: NOTE
Package suggested but not available for checking: ‘RQuantLib’
Flavor: r-devel-linux-x86_64-fedora-clang