CRAN Package Check Results for Package rvmethod

Last updated on 2024-04-12 00:04:13 CEST.

Flavor Version Tinstall Tcheck Ttotal Status Flags
r-devel-linux-x86_64-debian-clang 0.1.2 4.33 43.11 47.44 NOTE
r-devel-linux-x86_64-debian-gcc 0.1.2 3.14 31.48 34.62 NOTE
r-devel-linux-x86_64-fedora-clang 0.1.2 56.28 NOTE
r-devel-linux-x86_64-fedora-gcc 0.1.2 56.04 NOTE
r-devel-windows-x86_64 0.1.2 4.00 52.00 56.00 NOTE
r-patched-linux-x86_64 0.1.2 4.38 39.95 44.33 NOTE
r-release-linux-x86_64 0.1.2 4.13 41.44 45.57 NOTE
r-release-macos-arm64 0.1.2 20.00 NOTE
r-release-macos-x86_64 0.1.2 30.00 NOTE
r-release-windows-x86_64 0.1.2 4.00 56.00 60.00 NOTE
r-oldrel-macos-arm64 0.1.2 21.00 OK
r-oldrel-windows-x86_64 0.1.2 5.00 55.00 60.00 OK

Check Details

Version: 0.1.2
Check: package subdirectories
Result: NOTE Problems with news in ‘NEWS.md’: No news entries found. Flavors: r-devel-linux-x86_64-debian-clang, r-devel-linux-x86_64-debian-gcc, r-devel-linux-x86_64-fedora-clang, r-devel-linux-x86_64-fedora-gcc, r-devel-windows-x86_64, r-patched-linux-x86_64, r-release-linux-x86_64, r-release-macos-arm64, r-release-macos-x86_64, r-release-windows-x86_64