Last updated on 2023-09-02 22:58:23 CEST.
Flavor | Version | Tinstall | Tcheck | Ttotal | Status | Flags |
---|---|---|---|---|---|---|
r-devel-linux-x86_64-debian-clang | 0.11.0 | 13.09 | 147.61 | 160.70 | OK | |
r-devel-linux-x86_64-debian-gcc | 0.11.0 | 10.24 | 111.56 | 121.80 | OK | |
r-devel-linux-x86_64-fedora-clang | 0.11.0 | 195.06 | NOTE | |||
r-devel-linux-x86_64-fedora-gcc | 0.11.0 | 198.75 | OK | |||
r-devel-windows-x86_64 | 0.11.0 | 13.00 | 125.00 | 138.00 | OK | |
r-patched-linux-x86_64 | 0.11.0 | 16.15 | 138.33 | 154.48 | OK | |
r-release-linux-x86_64 | 0.11.0 | 10.37 | 141.62 | 151.99 | OK | |
r-release-macos-arm64 | 0.11.0 | 63.00 | OK | |||
r-release-macos-x86_64 | 0.11.0 | 111.00 | OK | |||
r-release-windows-x86_64 | 0.11.0 | 16.00 | 155.00 | 171.00 | OK | |
r-oldrel-macos-arm64 | 0.11.0 | 108.00 | OK | |||
r-oldrel-macos-x86_64 | 0.11.0 | 200.00 | OK | |||
r-oldrel-windows-x86_64 | 0.11.0 | 18.00 | 161.00 | 179.00 | OK |
Version: 0.11.0
Check: Rd cross-references
Result: NOTE
Undeclared package ‘magrittr’ in Rd xrefs
Flavor: r-devel-linux-x86_64-fedora-clang