CRAN Package Check Results for Package saeSim

Last updated on 2024-06-12 23:58:34 CEST.

Flavor Version Tinstall Tcheck Ttotal Status Flags
r-devel-linux-x86_64-debian-clang 0.11.0 12.95 144.31 157.26 NOTE
r-devel-linux-x86_64-debian-gcc 0.11.0 0.39 1.85 2.24 ERROR
r-devel-linux-x86_64-fedora-clang 0.11.0 191.05 NOTE
r-devel-linux-x86_64-fedora-gcc 0.11.0 190.19 NOTE
r-devel-windows-x86_64 0.11.0 12.00 120.00 132.00 NOTE
r-patched-linux-x86_64 0.11.0 16.26 133.98 150.24 NOTE
r-release-linux-x86_64 0.11.0 10.91 132.51 143.42 NOTE
r-release-macos-arm64 0.11.0 55.00 NOTE
r-release-macos-x86_64 0.11.0 89.00 NOTE
r-release-windows-x86_64 0.11.0 11.00 120.00 131.00 NOTE
r-oldrel-macos-arm64 0.11.0 63.00 OK
r-oldrel-macos-x86_64 0.11.0 111.00 OK
r-oldrel-windows-x86_64 0.11.0 14.00 146.00 160.00 OK

Check Details

Version: 0.11.0
Check: Rd files
Result: NOTE checkRd: (-1) sim_setup_preconfigured.Rd:24: Lost braces in \itemize; meant \describe ? checkRd: (-1) sim_setup_preconfigured.Rd:25: Lost braces in \itemize; meant \describe ? checkRd: (-1) sim_setup_preconfigured.Rd:26: Lost braces in \itemize; meant \describe ? checkRd: (-1) sim_setup_preconfigured.Rd:27: Lost braces in \itemize; meant \describe ? checkRd: (-1) sim_setup_preconfigured.Rd:28: Lost braces in \itemize; meant \describe ? checkRd: (-1) sim_setup_preconfigured.Rd:29: Lost braces in \itemize; meant \describe ? checkRd: (-1) sim_setup_preconfigured.Rd:30: Lost braces in \itemize; meant \describe ? checkRd: (-1) sim_setup_preconfigured.Rd:31: Lost braces in \itemize; meant \describe ? Flavors: r-devel-linux-x86_64-debian-clang, r-devel-linux-x86_64-fedora-clang, r-devel-linux-x86_64-fedora-gcc, r-devel-windows-x86_64, r-patched-linux-x86_64, r-release-linux-x86_64, r-release-macos-arm64, r-release-macos-x86_64, r-release-windows-x86_64

Version: 0.11.0
Check: package dependencies
Result: ERROR Packages required but not available: 'dplyr', 'ggplot2', 'tibble' Package suggested but not available for checking: ‘testthat’ See section ‘The DESCRIPTION file’ in the ‘Writing R Extensions’ manual. Flavor: r-devel-linux-x86_64-debian-gcc

Version: 0.11.0
Check: Rd cross-references
Result: NOTE Undeclared package ‘magrittr’ in Rd xrefs Flavor: r-devel-linux-x86_64-fedora-clang