CRAN Package Check Results for Package sand

Last updated on 2024-02-26 23:03:51 CET.

Flavor Version Tinstall Tcheck Ttotal Status Flags
r-devel-linux-x86_64-debian-clang 2.0.0 3.11 34.79 37.90 NOTE
r-devel-linux-x86_64-debian-gcc 2.0.0 2.87 27.59 30.46 NOTE
r-devel-linux-x86_64-fedora-clang 2.0.0 49.63 NOTE
r-devel-linux-x86_64-fedora-gcc 2.0.0 48.57 NOTE
r-devel-windows-x86_64 2.0.0 4.00 48.00 52.00 NOTE
r-patched-linux-x86_64 2.0.0 4.11 34.98 39.09 NOTE
r-release-linux-x86_64 2.0.0 4.12 34.57 38.69 NOTE
r-release-macos-arm64 2.0.0 20.00 NOTE
r-release-macos-x86_64 2.0.0 27.00 NOTE
r-release-windows-x86_64 2.0.0 5.00 51.00 56.00 NOTE
r-oldrel-macos-arm64 2.0.0 22.00 NOTE
r-oldrel-windows-x86_64 2.0.0 5.00 58.00 63.00 NOTE

Check Details

Version: 2.0.0
Check: package dependencies
Result: NOTE Package suggested but not available for checking: ‘networkTomography’ Flavors: r-devel-linux-x86_64-debian-clang, r-devel-linux-x86_64-debian-gcc, r-devel-linux-x86_64-fedora-clang, r-devel-linux-x86_64-fedora-gcc, r-devel-windows-x86_64, r-patched-linux-x86_64, r-release-linux-x86_64, r-release-windows-x86_64, r-oldrel-windows-x86_64

Version: 2.0.0
Check: data for non-ASCII characters
Result: NOTE Note: found 6 marked UTF-8 strings Flavors: r-devel-linux-x86_64-fedora-clang, r-devel-linux-x86_64-fedora-gcc, r-oldrel-macos-arm64

Version: 2.0.0
Check: package dependencies
Result: NOTE Packages suggested but not available for checking: 'GOstats', 'networkTomography', 'org.Sc.sgd.db' Flavor: r-release-macos-arm64

Version: 2.0.0
Check: package dependencies
Result: NOTE Packages suggested but not available for checking: 'GO.db', 'GOstats', 'car', 'ergm', 'networkTomography', 'org.Sc.sgd.db' Flavor: r-release-macos-x86_64

Version: 2.0.0
Check: package dependencies
Result: NOTE Packages suggested but not available for checking: 'GO.db', 'GOstats', 'org.Sc.sgd.db' Flavor: r-oldrel-macos-arm64