CRAN Package Check Results for Package seedCCA

Last updated on 2024-05-17 22:56:58 CEST.

Flavor Version Tinstall Tcheck Ttotal Status Flags
r-devel-linux-x86_64-debian-clang 3.1 14.15 107.68 121.83 NOTE
r-devel-linux-x86_64-debian-gcc 3.1 8.24 77.90 86.14 NOTE
r-devel-linux-x86_64-fedora-clang 3.1 144.64 NOTE
r-devel-linux-x86_64-fedora-gcc 3.1 195.91 NOTE
r-devel-windows-x86_64 3.1 11.00 92.00 103.00 NOTE
r-patched-linux-x86_64 3.1 11.09 100.47 111.56 NOTE
r-release-linux-x86_64 3.1 10.56 99.86 110.42 NOTE
r-release-macos-arm64 3.1 39.00 NOTE
r-release-windows-x86_64 3.1 12.00 91.00 103.00 NOTE
r-oldrel-macos-arm64 3.1 52.00 OK
r-oldrel-macos-x86_64 3.1 83.00 OK
r-oldrel-windows-x86_64 3.1 14.00 108.00 122.00 OK

Check Details

Version: 3.1
Check: Rd files
Result: NOTE checkRd: (-1) seedCCA.Rd:17: Lost braces; missing escapes or markup? 17 | \item{u}{numeric, maximum number of projections. The default is 10. This is used for \code{type="seed1"}, \code{type="seed2"} and {tyepe="pls"}.} | ^ Flavors: r-devel-linux-x86_64-debian-clang, r-devel-linux-x86_64-debian-gcc, r-devel-linux-x86_64-fedora-clang, r-devel-linux-x86_64-fedora-gcc, r-devel-windows-x86_64, r-patched-linux-x86_64, r-release-linux-x86_64, r-release-macos-arm64, r-release-windows-x86_64