CRAN Package Check Results for Package seededlda

Last updated on 2024-02-21 23:11:41 CET.

Flavor Version Tinstall Tcheck Ttotal Status Flags
r-devel-linux-x86_64-debian-clang 1.1.0 OK
r-devel-linux-x86_64-debian-gcc 1.1.0 73.49 454.90 528.39 OK
r-devel-linux-x86_64-fedora-clang 1.1.0 954.29 NOTE
r-devel-linux-x86_64-fedora-gcc 1.1.0 916.15 NOTE
r-devel-windows-x86_64 1.1.0 72.00 557.00 629.00 OK
r-patched-linux-x86_64 1.1.0 70.50 617.05 687.55 OK
r-release-linux-x86_64 1.1.0 62.53 601.49 664.02 OK
r-release-macos-arm64 1.1.0 222.00 NOTE
r-release-macos-x86_64 1.1.0 538.00 NOTE
r-release-windows-x86_64 1.1.0 90.00 811.00 901.00 OK
r-oldrel-macos-arm64 1.1.0 233.00 NOTE
r-oldrel-windows-x86_64 1.1.0 86.00 815.00 901.00 OK

Check Details

Version: 1.1.0
Check: data for non-ASCII characters
Result: NOTE Note: found 1 marked UTF-8 string Flavors: r-devel-linux-x86_64-fedora-clang, r-devel-linux-x86_64-fedora-gcc

Version: 1.1.0
Check: installed package size
Result: NOTE installed size is 10.9Mb sub-directories of 1Mb or more: data 2.9Mb libs 7.9Mb Flavors: r-release-macos-arm64, r-release-macos-x86_64, r-oldrel-macos-arm64