CRAN Package Check Results for Package seeds

Last updated on 2024-02-26 23:03:52 CET.

Flavor Version Tinstall Tcheck Ttotal Status Flags
r-devel-linux-x86_64-debian-clang 0.9.1 8.11 68.79 76.90 OK
r-devel-linux-x86_64-debian-gcc 0.9.1 5.56 53.23 58.79 OK
r-devel-linux-x86_64-fedora-clang 0.9.1 101.54 NOTE
r-devel-linux-x86_64-fedora-gcc 0.9.1 110.80 OK
r-devel-windows-x86_64 0.9.1 8.00 74.00 82.00 OK
r-patched-linux-x86_64 0.9.1 12.80 68.27 81.07 OK
r-release-linux-x86_64 0.9.1 5.44 67.21 72.65 OK
r-release-macos-arm64 0.9.1 39.00 NOTE
r-release-macos-x86_64 0.9.1 57.00 NOTE
r-release-windows-x86_64 0.9.1 10.00 86.00 96.00 OK
r-oldrel-macos-arm64 0.9.1 30.00 NOTE
r-oldrel-windows-x86_64 0.9.1 13.00 85.00 98.00 OK

Check Details

Version: 0.9.1
Check: package dependencies
Result: NOTE Package suggested but not available for checking: ‘rsbml’ Flavors: r-devel-linux-x86_64-fedora-clang, r-release-macos-arm64, r-release-macos-x86_64, r-oldrel-macos-arm64