CRAN Package Check Results for Package sensemakr

Last updated on 2024-06-12 23:58:35 CEST.

Flavor Version Tinstall Tcheck Ttotal Status Flags
r-devel-linux-x86_64-debian-clang 0.1.4 4.52 103.59 108.11 OK
r-devel-linux-x86_64-debian-gcc 0.1.4 3.33 48.51 51.84 ERROR
r-devel-linux-x86_64-fedora-clang 0.1.4 133.75 OK
r-devel-linux-x86_64-fedora-gcc 0.1.4 138.88 OK
r-devel-windows-x86_64 0.1.4 5.00 105.00 110.00 OK
r-patched-linux-x86_64 0.1.4 4.25 100.75 105.00 OK
r-release-linux-x86_64 0.1.4 3.95 99.27 103.22 OK
r-release-macos-arm64 0.1.4 60.00 OK
r-release-macos-x86_64 0.1.4 110.00 OK
r-release-windows-x86_64 0.1.4 4.00 106.00 110.00 OK
r-oldrel-macos-arm64 0.1.4 63.00 OK
r-oldrel-macos-x86_64 0.1.4 97.00 OK
r-oldrel-windows-x86_64 0.1.4 6.00 110.00 116.00 OK

Check Details

Version: 0.1.4
Check: package dependencies
Result: NOTE Package suggested but not available for checking: ‘testthat’ Flavor: r-devel-linux-x86_64-debian-gcc

Version: 0.1.4
Check: tests
Result: ERROR Running ‘testthat.R’ [0s/1s] Running the tests in ‘tests/testthat.R’ failed. Complete output: > library(testthat) Error in library(testthat) : there is no package called 'testthat' Execution halted Flavor: r-devel-linux-x86_64-debian-gcc