CRAN Package Check Results for Package seqICP

Last updated on 2024-07-22 22:56:35 CEST.

Flavor Version Tinstall Tcheck Ttotal Status Flags
r-devel-linux-x86_64-debian-clang 1.1 4.33 50.45 54.78 NOTE
r-devel-linux-x86_64-debian-gcc 1.1 3.10 36.40 39.50 NOTE
r-devel-linux-x86_64-fedora-clang 1.1 66.53 NOTE
r-devel-linux-x86_64-fedora-gcc 1.1 61.94 NOTE
r-devel-windows-x86_64 1.1 4.00 60.00 64.00 NOTE
r-patched-linux-x86_64 1.1 3.08 47.22 50.30 NOTE
r-release-linux-x86_64 1.1 3.79 46.27 50.06 NOTE
r-release-macos-arm64 1.1 22.00 NOTE
r-release-macos-x86_64 1.1 32.00 NOTE
r-release-windows-x86_64 1.1 4.00 54.00 58.00 NOTE
r-oldrel-macos-arm64 1.1 24.00 NOTE
r-oldrel-macos-x86_64 1.1 33.00 NOTE
r-oldrel-windows-x86_64 1.1 5.00 59.00 64.00 NOTE

Check Details

Version: 1.1
Check: LazyData
Result: NOTE 'LazyData' is specified without a 'data' directory Flavors: r-devel-linux-x86_64-debian-clang, r-devel-linux-x86_64-debian-gcc, r-devel-linux-x86_64-fedora-clang, r-devel-linux-x86_64-fedora-gcc, r-devel-windows-x86_64, r-patched-linux-x86_64, r-release-linux-x86_64, r-release-macos-arm64, r-release-macos-x86_64, r-release-windows-x86_64, r-oldrel-macos-arm64, r-oldrel-macos-x86_64, r-oldrel-windows-x86_64