CRAN Package Check Results for Package serrsBayes

Last updated on 2024-02-26 23:03:52 CET.

Flavor Version Tinstall Tcheck Ttotal Status Flags
r-devel-linux-x86_64-debian-clang 0.5-0 79.56 534.96 614.52 OK
r-devel-linux-x86_64-debian-gcc 0.5-0 65.72 447.84 513.56 OK
r-devel-linux-x86_64-fedora-clang 0.5-0 761.36 OK
r-devel-linux-x86_64-fedora-gcc 0.5-0 857.36 OK
r-devel-windows-x86_64 0.5-0 59.00 391.00 450.00 OK
r-patched-linux-x86_64 0.5-0 95.47 569.02 664.49 OK
r-release-linux-x86_64 0.5-0 84.56 571.38 655.94 OK
r-release-macos-arm64 0.5-0 287.00 NOTE
r-release-macos-x86_64 0.5-0 450.00 NOTE
r-release-windows-x86_64 0.5-0 77.00 449.00 526.00 OK
r-oldrel-macos-arm64 0.5-0 245.00 NOTE
r-oldrel-windows-x86_64 0.5-0 70.00 440.00 510.00 OK

Check Details

Version: 0.5-0
Check: installed package size
Result: NOTE installed size is 17.2Mb sub-directories of 1Mb or more: libs 15.9Mb Flavors: r-release-macos-arm64, r-release-macos-x86_64, r-oldrel-macos-arm64