CRAN Package Check Results for Package sftime

Last updated on 2024-02-26 23:03:52 CET.

Flavor Version Tinstall Tcheck Ttotal Status Flags
r-devel-linux-x86_64-debian-clang 0.2-0 3.98 91.40 95.38 NOTE
r-devel-linux-x86_64-debian-gcc 0.2-0 4.14 67.92 72.06 NOTE
r-devel-linux-x86_64-fedora-clang 0.2-0 115.80 NOTE
r-devel-linux-x86_64-fedora-gcc 0.2-0 125.15 OK
r-devel-windows-x86_64 0.2-0 6.00 87.00 93.00 OK
r-patched-linux-x86_64 0.2-0 9.90 87.09 96.99 OK
r-release-linux-x86_64 0.2-0 4.61 87.26 91.87 OK
r-release-macos-arm64 0.2-0 38.00 OK
r-release-macos-x86_64 0.2-0 69.00 OK
r-release-windows-x86_64 0.2-0 8.00 104.00 112.00 OK
r-oldrel-macos-arm64 0.2-0 40.00 OK
r-oldrel-windows-x86_64 0.2-0 7.00 106.00 113.00 OK

Check Details

Version: 0.2-0
Check: Rd files
Result: NOTE checkRd: (-1) st_as_sftime.Rd:71: Lost braces 71 | remove these columns from code{data.frame}?} | ^ Flavors: r-devel-linux-x86_64-debian-clang, r-devel-linux-x86_64-debian-gcc, r-devel-linux-x86_64-fedora-clang

Version: 0.2-0
Check: Rd cross-references
Result: NOTE Undeclared package ‘vctrs’ in Rd xrefs Flavor: r-devel-linux-x86_64-fedora-clang