CRAN Package Check Results for Package shinyML

Last updated on 2024-02-24 21:40:33 CET.

Flavor Version Tinstall Tcheck Ttotal Status Flags
r-devel-linux-x86_64-debian-clang 1.0.1 15.63 111.71 127.34 NOTE
r-devel-linux-x86_64-debian-gcc 1.0.1 13.08 84.26 97.34 NOTE
r-devel-linux-x86_64-fedora-clang 1.0.1 156.59 NOTE
r-devel-linux-x86_64-fedora-gcc 1.0.1 164.95 NOTE
r-devel-windows-x86_64 1.0.1 14.00 94.00 108.00 NOTE
r-patched-linux-x86_64 1.0.1 10.40 108.12 118.52 NOTE
r-release-linux-x86_64 1.0.1 10.85 106.87 117.72 NOTE
r-release-macos-arm64 1.0.1 44.00 NOTE
r-release-macos-x86_64 1.0.1 86.00 NOTE
r-release-windows-x86_64 1.0.1 20.00 109.00 129.00 NOTE
r-oldrel-macos-arm64 1.0.1 43.00 NOTE
r-oldrel-windows-x86_64 1.0.1 19.00 120.00 139.00 NOTE

Check Details

Version: 1.0.1
Check: LazyData
Result: NOTE 'LazyData' is specified without a 'data' directory Flavors: r-devel-linux-x86_64-debian-clang, r-devel-linux-x86_64-debian-gcc, r-devel-linux-x86_64-fedora-clang, r-devel-linux-x86_64-fedora-gcc, r-devel-windows-x86_64, r-patched-linux-x86_64, r-release-linux-x86_64, r-release-macos-arm64, r-release-macos-x86_64, r-release-windows-x86_64, r-oldrel-macos-arm64, r-oldrel-windows-x86_64