CRAN Package Check Results for Package shinydisconnect

Last updated on 2024-02-21 23:11:42 CET.

Flavor Version Tinstall Tcheck Ttotal Status Flags
r-devel-linux-x86_64-debian-clang 0.1.1 OK
r-devel-linux-x86_64-debian-gcc 0.1.1 1.80 15.93 17.73 OK
r-devel-linux-x86_64-fedora-clang 0.1.1 28.21 NOTE
r-devel-linux-x86_64-fedora-gcc 0.1.1 28.12 NOTE
r-devel-windows-x86_64 0.1.1 3.00 38.00 41.00 OK
r-patched-linux-x86_64 0.1.1 1.67 20.04 21.71 OK
r-release-linux-x86_64 0.1.1 1.79 20.10 21.89 OK
r-release-macos-arm64 0.1.1 20.00 OK
r-release-macos-x86_64 0.1.1 25.00 OK
r-release-windows-x86_64 0.1.1 4.00 38.00 42.00 OK
r-oldrel-macos-arm64 0.1.1 18.00 OK
r-oldrel-windows-x86_64 0.1.1 3.00 41.00 44.00 OK

Check Details

Version: 0.1.1
Check: dependencies in R code
Result: NOTE Namespace in Imports field not imported from: ‘shiny’ All declared Imports should be used. Flavors: r-devel-linux-x86_64-fedora-clang, r-devel-linux-x86_64-fedora-gcc