CRAN Package Check Results for Package shinylogs

Last updated on 2024-02-20 22:59:15 CET.

Flavor Version Tinstall Tcheck Ttotal Status Flags
r-devel-linux-x86_64-debian-clang 0.2.1 NOTE
r-devel-linux-x86_64-debian-gcc 0.2.1 6.05 57.61 63.66 NOTE
r-devel-linux-x86_64-fedora-clang 0.2.1 105.65 OK
r-devel-linux-x86_64-fedora-gcc 0.2.1 123.15 OK
r-devel-windows-x86_64 0.2.1 8.00 75.00 83.00 OK
r-patched-linux-x86_64 0.2.1 7.39 76.12 83.51 OK
r-release-linux-x86_64 0.2.1 8.66 75.90 84.56 OK
r-release-macos-arm64 0.2.1 39.00 OK
r-release-macos-x86_64 0.2.1 65.00 OK
r-release-windows-x86_64 0.2.1 11.00 88.00 99.00 OK
r-oldrel-macos-arm64 0.2.1 34.00 OK
r-oldrel-windows-x86_64 0.2.1 10.00 91.00 101.00 OK

Check Details

Version: 0.2.1
Check: Rd files
Result: NOTE checkRd: (-1) store_googledrive.Rd:19: Lost braces; missing escapes or markup? 19 | See the {gargle} package to manage authentication, and especially | ^ checkRd: (-1) store_googledrive.Rd:20: Lost braces; missing escapes or markup? 20 | \href{https://gargle.r-lib.org/articles/articles/managing-tokens-securely.html}{this vignette from {gargle} package} to manage the process. | ^ Flavors: r-devel-linux-x86_64-debian-clang, r-devel-linux-x86_64-debian-gcc