Last updated on 2023-12-10 04:56:13 CET.
Flavor | Version | Tinstall | Tcheck | Ttotal | Status | Flags |
---|---|---|---|---|---|---|
r-devel-linux-x86_64-debian-clang | 2.6.0 | 28.04 | 193.56 | 221.60 | NOTE | |
r-devel-linux-x86_64-debian-gcc | 2.6.0 | 20.24 | 144.49 | 164.73 | NOTE | |
r-devel-linux-x86_64-fedora-clang | 2.6.0 | 277.73 | NOTE | |||
r-devel-linux-x86_64-fedora-gcc | 2.6.0 | 273.00 | NOTE | |||
r-devel-windows-x86_64 | 2.6.0 | 18.00 | 149.00 | 167.00 | NOTE | |
r-patched-linux-x86_64 | 2.6.0 | 24.51 | 187.80 | 212.31 | NOTE | |
r-release-linux-x86_64 | 2.6.0 | 24.12 | 188.08 | 212.20 | NOTE | |
r-release-macos-arm64 | 2.6.0 | 68.00 | NOTE | |||
r-release-macos-x86_64 | 2.6.0 | 106.00 | NOTE | |||
r-release-windows-x86_64 | 2.6.0 | 24.00 | 175.00 | 199.00 | NOTE | |
r-oldrel-macos-arm64 | 2.6.0 | 56.00 | NOTE | |||
r-oldrel-macos-x86_64 | 2.6.0 | 98.00 | NOTE | |||
r-oldrel-windows-x86_64 | 2.6.0 | 26.00 | 178.00 | 204.00 | NOTE |
Version: 2.6.0
Check: package dependencies
Result: NOTE
Package suggested but not available for checking: ‘cmdstanr’
Flavors: r-devel-linux-x86_64-debian-clang, r-devel-linux-x86_64-debian-gcc, r-devel-linux-x86_64-fedora-clang, r-devel-linux-x86_64-fedora-gcc, r-devel-windows-x86_64, r-patched-linux-x86_64, r-release-linux-x86_64, r-release-macos-arm64, r-release-macos-x86_64, r-release-windows-x86_64, r-oldrel-macos-arm64, r-oldrel-macos-x86_64, r-oldrel-windows-x86_64