CRAN Package Check Results for Package shinystan

Last updated on 2024-07-23 23:48:25 CEST.

Flavor Version Tinstall Tcheck Ttotal Status Flags
r-devel-linux-x86_64-debian-clang 2.6.0 31.94 200.60 232.54 NOTE
r-devel-linux-x86_64-debian-gcc 2.6.0 23.26 152.81 176.07 NOTE
r-devel-linux-x86_64-fedora-clang 2.6.0 300.10 NOTE
r-devel-linux-x86_64-fedora-gcc 2.6.0 284.30 NOTE
r-devel-windows-x86_64 2.6.0 19.00 149.00 168.00 NOTE
r-patched-linux-x86_64 2.6.0 28.96 194.76 223.72 NOTE
r-release-linux-x86_64 2.6.0 22.19 192.35 214.54 NOTE
r-release-macos-arm64 2.6.0 79.00 NOTE
r-release-macos-x86_64 2.6.0 139.00 NOTE
r-release-windows-x86_64 2.6.0 19.00 151.00 170.00 NOTE
r-oldrel-macos-arm64 2.6.0 68.00 NOTE
r-oldrel-macos-x86_64 2.6.0 106.00 NOTE
r-oldrel-windows-x86_64 2.6.0 24.00 186.00 210.00 NOTE

Check Details

Version: 2.6.0
Check: package dependencies
Result: NOTE Package suggested but not available for checking: ‘cmdstanr’ Flavors: r-devel-linux-x86_64-debian-clang, r-devel-linux-x86_64-debian-gcc, r-devel-linux-x86_64-fedora-clang, r-devel-linux-x86_64-fedora-gcc, r-devel-windows-x86_64, r-patched-linux-x86_64, r-release-linux-x86_64, r-release-macos-arm64, r-release-macos-x86_64, r-release-windows-x86_64, r-oldrel-macos-arm64, r-oldrel-macos-x86_64, r-oldrel-windows-x86_64