CRAN Package Check Results for Package shinytest2

Last updated on 2024-02-22 21:51:53 CET.

Flavor Version Tinstall Tcheck Ttotal Status Flags
r-devel-linux-x86_64-debian-clang 0.3.1 NOTE
r-devel-linux-x86_64-debian-gcc 0.3.1 10.70 67.79 78.49 NOTE
r-devel-linux-x86_64-fedora-clang 0.3.1 189.96 NOTE
r-devel-linux-x86_64-fedora-gcc 0.3.1 195.21 NOTE
r-devel-windows-x86_64 0.3.1 14.00 97.00 111.00 OK
r-patched-linux-x86_64 0.3.1 17.33 86.11 103.44 OK
r-release-linux-x86_64 0.3.1 9.50 85.70 95.20 OK
r-release-macos-arm64 0.3.1 92.00 OK
r-release-macos-x86_64 0.3.1 181.00 OK
r-release-windows-x86_64 0.3.1 18.00 108.00 126.00 OK
r-oldrel-macos-arm64 0.3.1 90.00 OK
r-oldrel-windows-x86_64 0.3.1 17.00 110.00 127.00 OK

Check Details

Version: 0.3.1
Check: Rd files
Result: NOTE checkRd: (-1) AppDriver.Rd:1087: Lost braces; missing escapes or markup? 1087 | _snaps/{variant}/{test.md}\verb{, so }variant` must be a single | ^ checkRd: (-1) AppDriver.Rd:1087: Lost braces; missing escapes or markup? 1087 | _snaps/{variant}/{test.md}\verb{, so }variant` must be a single | ^ Flavors: r-devel-linux-x86_64-debian-clang, r-devel-linux-x86_64-debian-gcc, r-devel-linux-x86_64-fedora-clang, r-devel-linux-x86_64-fedora-gcc