CRAN Package Check Results for Package shrinkTVP

Last updated on 2024-02-26 23:03:52 CET.

Flavor Version Tinstall Tcheck Ttotal Status Flags
r-devel-linux-x86_64-debian-clang 3.0.1 310.79 79.83 390.62 OK
r-devel-linux-x86_64-debian-gcc 3.0.1 246.33 60.86 307.19 OK
r-devel-linux-x86_64-fedora-clang 3.0.1 595.24 OK
r-devel-linux-x86_64-fedora-gcc 3.0.1 655.69 OK
r-devel-windows-x86_64 3.0.1 212.00 127.00 339.00 OK
r-patched-linux-x86_64 3.0.1 300.05 79.69 379.74 OK
r-release-linux-x86_64 3.0.1 302.51 79.29 381.80 OK
r-release-macos-arm64 3.0.1 130.00 NOTE
r-release-macos-x86_64 3.0.1 208.00 NOTE
r-release-windows-x86_64 3.0.1 303.00 136.00 439.00 OK
r-oldrel-macos-arm64 3.0.1 126.00 NOTE
r-oldrel-windows-x86_64 3.0.1 287.00 131.00 418.00 OK

Check Details

Version: 3.0.1
Check: installed package size
Result: NOTE installed size is 12.1Mb sub-directories of 1Mb or more: libs 11.1Mb Flavors: r-release-macos-arm64, r-release-macos-x86_64, r-oldrel-macos-arm64