CRAN Package Check Results for Package simPH

Last updated on 2024-07-24 22:56:15 CEST.

Flavor Version Tinstall Tcheck Ttotal Status Flags
r-devel-linux-x86_64-debian-clang 1.3.13 13.40 208.26 221.66 NOTE
r-devel-linux-x86_64-debian-gcc 1.3.13 12.25 162.94 175.19 NOTE
r-devel-linux-x86_64-fedora-clang 1.3.13 289.54 NOTE
r-devel-linux-x86_64-fedora-gcc 1.3.13 291.14 NOTE
r-devel-windows-x86_64 1.3.13 16.00 187.00 203.00 NOTE
r-patched-linux-x86_64 1.3.13 22.08 202.73 224.81 NOTE
r-release-linux-x86_64 1.3.13 15.01 206.06 221.07 NOTE
r-release-macos-arm64 1.3.13 93.00 NOTE
r-release-macos-x86_64 1.3.13 142.00 NOTE
r-release-windows-x86_64 1.3.13 14.00 190.00 204.00 NOTE
r-oldrel-macos-arm64 1.3.13 101.00 OK
r-oldrel-macos-x86_64 1.3.13 155.00 OK
r-oldrel-windows-x86_64 1.3.13 18.00 231.00 249.00 OK

Check Details

Version: 1.3.13
Check: Rd files
Result: NOTE checkRd: (-1) coxsimSpline.Rd:93: Lost braces; missing escapes or markup? 93 | {FD(h[i](t)) = (exp(g(x[j]) - g(x[l])) - 1) * 100} | ^ checkRd: (-1) simPH.Rd:16-19: Lost braces in \itemize; meant \describe ? checkRd: (-1) simPH.Rd:20-24: Lost braces in \itemize; meant \describe ? checkRd: (-1) simPH.Rd:25-30: Lost braces in \itemize; meant \describe ? checkRd: (-1) simPH.Rd:31-33: Lost braces in \itemize; meant \describe ? checkRd: (-1) simPH.Rd:34-36: Lost braces in \itemize; meant \describe ? checkRd: (-1) simPH.Rd:44-46: Lost braces in \itemize; meant \describe ? checkRd: (-1) simPH.Rd:47-49: Lost braces in \itemize; meant \describe ? checkRd: (-1) simPH.Rd:50-53: Lost braces in \itemize; meant \describe ? Flavors: r-devel-linux-x86_64-debian-clang, r-devel-linux-x86_64-debian-gcc, r-devel-linux-x86_64-fedora-clang, r-devel-linux-x86_64-fedora-gcc, r-devel-windows-x86_64, r-patched-linux-x86_64, r-release-linux-x86_64, r-release-macos-arm64, r-release-macos-x86_64, r-release-windows-x86_64

Version: 1.3.13
Check: Rd cross-references
Result: NOTE Found the following Rd file(s) with Rd \link{} targets missing package anchors: coxsimInteract.Rd: coxph, survival, strata coxsimLinear.Rd: coxph, survival, strata coxsimPoly.Rd: coxph, survival, strata coxsimSpline.Rd: coxph, pspline, survival, strata coxsimtvc.Rd: coxph, survival, strata ggfitStrata.Rd: plot.survfit, survfit, strata simGG.siminteract.Rd: scale_colour_brewer, discrete_scale simGG.simlinear.Rd: scale_colour_brewer, discrete_scale simGG.simpoly.Rd: scale_colour_brewer, discrete_scale simGG.simtvc.Rd: scale_colour_brewer, discrete_scale simPH.Rd: coxph tvc.Rd: survival, coxph Please provide package anchors for all Rd \link{} targets not in the package itself and the base packages. Flavors: r-devel-linux-x86_64-debian-gcc, r-devel-windows-x86_64