CRAN Package Check Results for Package sitar

Last updated on 2024-07-12 22:54:28 CEST.

Flavor Version Tinstall Tcheck Ttotal Status Flags
r-devel-linux-x86_64-debian-clang 1.4.0 14.22 152.46 166.68 NOTE
r-devel-linux-x86_64-debian-gcc 1.4.0 10.06 113.04 123.10 NOTE
r-devel-linux-x86_64-fedora-clang 1.4.0 209.48 NOTE
r-devel-linux-x86_64-fedora-gcc 1.4.0 208.36 NOTE
r-devel-windows-x86_64 1.4.0 11.00 138.00 149.00 NOTE
r-patched-linux-x86_64 1.4.0 14.64 147.06 161.70 NOTE
r-release-linux-x86_64 1.4.0 12.75 147.32 160.07 NOTE
r-release-macos-arm64 1.4.0 72.00 NOTE
r-release-macos-x86_64 1.4.0 142.00 NOTE
r-release-windows-x86_64 1.4.0 12.00 141.00 153.00 NOTE
r-oldrel-macos-arm64 1.4.0 58.00 OK
r-oldrel-macos-x86_64 1.4.0 125.00 OK
r-oldrel-windows-x86_64 1.4.0 14.00 170.00 184.00 OK

Check Details

Version: 1.4.0
Check: Rd files
Result: NOTE checkRd: (-1) sitar-package.Rd:27: Lost braces; missing escapes or markup? 27 | individual curves, adjusted for {abcd} to lie on top of (i.e. be | ^ checkRd: (-1) sitar.Rd:110: Lost braces; missing escapes or markup? 110 | \code{\link{nlme}}) (default {nlmeControl(returnObject = TRUE)}).} | ^ Flavors: r-devel-linux-x86_64-debian-clang, r-devel-linux-x86_64-debian-gcc, r-devel-linux-x86_64-fedora-clang, r-devel-linux-x86_64-fedora-gcc, r-devel-windows-x86_64, r-patched-linux-x86_64, r-release-linux-x86_64, r-release-macos-arm64, r-release-macos-x86_64, r-release-windows-x86_64

Version: 1.4.0
Check: Rd cross-references
Result: NOTE Found the following Rd file(s) with Rd \link{} targets missing package anchors: anova.sitar.Rd: anova.lme sitar.Rd: nlme, nlmeObject summary.sitar.Rd: summary.lme, lmeObject Please provide package anchors for all Rd \link{} targets not in the package itself and the base packages. Flavor: r-devel-windows-x86_64