Last updated on 2023-12-04 21:56:26 CET.
Flavor | Version | Tinstall | Tcheck | Ttotal | Status | Flags |
---|---|---|---|---|---|---|
r-devel-linux-x86_64-debian-clang | 2.0.1 | 17.83 | 222.06 | 239.89 | NOTE | |
r-devel-linux-x86_64-debian-gcc | 2.0.1 | 14.81 | 162.87 | 177.68 | NOTE | |
r-devel-linux-x86_64-fedora-clang | 2.0.1 | 294.04 | NOTE | |||
r-devel-linux-x86_64-fedora-gcc | 2.0.1 | 274.25 | OK | |||
r-devel-windows-x86_64 | 2.0.1 | 16.00 | 188.00 | 204.00 | OK | |
r-patched-linux-x86_64 | 2.0.1 | 17.38 | 214.07 | 231.45 | OK | |
r-release-linux-x86_64 | 2.0.1 | 16.02 | 206.97 | 222.99 | OK | |
r-release-macos-arm64 | 2.0.1 | 83.00 | OK | |||
r-release-macos-x86_64 | 2.0.1 | 136.00 | OK | |||
r-release-windows-x86_64 | 2.0.1 | 21.00 | 224.00 | 245.00 | OK | |
r-oldrel-macos-arm64 | 2.0.1 | 80.00 | OK | |||
r-oldrel-macos-x86_64 | 2.0.1 | 98.00 | OK | |||
r-oldrel-windows-x86_64 | 2.0.1 | 23.00 | 215.00 | 238.00 | OK |
Version: 2.0.1
Check: Rd files
Result: NOTE
checkRd: (-1) alvm.fit.Rd:48: Lost braces
48 | the basic or na{\" i}ve ALVM, and \code{"homoskedastic"} for the
| ^
checkRd: (-1) avm.ci.Rd:51: Lost braces
51 | interval. \code{"stdnorm"} corresponds to a na{\" i}ve standard normal
| ^
checkRd: (-1) avm.ci.Rd:163: Lost braces
163 | The third is the na{\" i}ve standard normal interval, which takes
| ^
Flavors: r-devel-linux-x86_64-debian-clang, r-devel-linux-x86_64-debian-gcc
Version: 2.0.1
Check: Rd cross-references
Result: NOTE
Undeclared packages ‘cmna’, ‘lmboot’, ‘sandwich’ in Rd xrefs
Flavor: r-devel-linux-x86_64-fedora-clang