CRAN Package Check Results for Package smacof

Last updated on 2024-02-22 21:51:53 CET.

Flavor Version Tinstall Tcheck Ttotal Status Flags
r-devel-linux-x86_64-debian-clang 2.1-5 NOTE
r-devel-linux-x86_64-debian-gcc 2.1-5 19.80 279.88 299.68 NOTE
r-devel-linux-x86_64-fedora-clang 2.1-5 512.76 NOTE
r-devel-linux-x86_64-fedora-gcc 2.1-5 494.00 NOTE
r-devel-windows-x86_64 2.1-5 27.00 297.00 324.00 OK
r-patched-linux-x86_64 2.1-5 29.98 362.66 392.64 OK
r-release-linux-x86_64 2.1-5 22.78 365.97 388.75 OK
r-release-macos-arm64 2.1-5 146.00 OK
r-release-macos-x86_64 2.1-5 217.00 OK
r-release-windows-x86_64 2.1-5 33.00 369.00 402.00 OK
r-oldrel-macos-arm64 2.1-5 88.00 NOTE
r-oldrel-windows-x86_64 2.1-5 34.00 381.00 415.00 OK

Check Details

Version: 2.1-5
Check: Rd files
Result: NOTE checkRd: (-1) morsescales.Rd:13: Lost braces in \itemize; meant \describe ? checkRd: (-1) morsescales.Rd:14: Lost braces in \itemize; meant \describe ? checkRd: (-1) morsescales.Rd:15: Lost braces in \itemize; meant \describe ? checkRd: (-1) morsescales.Rd:16: Lost braces in \itemize; meant \describe ? checkRd: (-1) morsescales.Rd:17: Lost braces in \itemize; meant \describe ? Flavors: r-devel-linux-x86_64-debian-clang, r-devel-linux-x86_64-debian-gcc

Version: 2.1-5
Check: data for non-ASCII characters
Result: NOTE Note: found 15 marked Latin-1 strings Note: found 2 marked UTF-8 strings Flavors: r-devel-linux-x86_64-fedora-clang, r-devel-linux-x86_64-fedora-gcc, r-oldrel-macos-arm64