Last updated on 2023-12-10 04:56:13 CET.
Flavor | Version | Tinstall | Tcheck | Ttotal | Status | Flags |
---|---|---|---|---|---|---|
r-devel-linux-x86_64-debian-clang | 4.3.3 | 117.31 | 178.00 | 295.31 | OK | --no-vignettes |
r-devel-linux-x86_64-debian-gcc | 4.3.3 | 85.66 | 134.77 | 220.43 | OK | --no-vignettes |
r-devel-linux-x86_64-fedora-clang | 4.3.3 | 582.24 | OK | |||
r-devel-linux-x86_64-fedora-gcc | 4.3.3 | 640.45 | OK | |||
r-devel-windows-x86_64 | 4.3.3 | 86.00 | 177.00 | 263.00 | NOTE | --no-vignettes |
r-patched-linux-x86_64 | 4.3.3 | 106.56 | 178.31 | 284.87 | OK | --no-vignettes |
r-release-linux-x86_64 | 4.3.3 | 98.74 | 174.50 | 273.24 | OK | --no-vignettes |
r-release-macos-arm64 | 4.3.3 | 193.00 | NOTE | |||
r-release-macos-x86_64 | 4.3.3 | 526.00 | NOTE | |||
r-release-windows-x86_64 | 4.3.3 | 108.00 | 201.00 | 309.00 | NOTE | --no-vignettes |
r-oldrel-macos-arm64 | 4.3.3 | 188.00 | NOTE | |||
r-oldrel-macos-x86_64 | 4.3.2 | 224.00 | NOTE | |||
r-oldrel-windows-x86_64 | 4.3.3 | 100.00 | 250.00 | 350.00 | NOTE | --no-vignettes |
Version: 4.3.3
Flags: --no-vignettes
Check: installed package size
Result: NOTE
installed size is 5.5Mb
sub-directories of 1Mb or more:
data 1.3Mb
doc 1.3Mb
libs 1.7Mb
Flavors: r-devel-windows-x86_64, r-release-windows-x86_64, r-oldrel-windows-x86_64
Version: 4.3.3
Check: installed package size
Result: NOTE
installed size is 13.4Mb
sub-directories of 1Mb or more:
data 1.3Mb
doc 1.3Mb
libs 9.6Mb
Flavors: r-release-macos-arm64, r-release-macos-x86_64, r-oldrel-macos-arm64
Version: 4.3.2
Check: installed package size
Result: NOTE
installed size is 13.9Mb
sub-directories of 1Mb or more:
data 1.3Mb
doc 1.3Mb
libs 10.1Mb
Flavor: r-oldrel-macos-x86_64