CRAN Package Check Results for Package spData

Last updated on 2024-04-24 00:56:00 CEST.

Flavor Version Tinstall Tcheck Ttotal Status Flags
r-devel-linux-x86_64-debian-clang 2.3.0 5.44 49.76 55.20 NOTE
r-devel-linux-x86_64-debian-gcc 2.3.0 4.01 37.54 41.55 NOTE
r-devel-linux-x86_64-fedora-clang 2.3.0 68.73 NOTE
r-devel-linux-x86_64-fedora-gcc 2.3.0 66.87 NOTE
r-prerel-macos-arm64 2.3.0 24.00 NOTE
r-prerel-windows-x86_64 2.3.0 7.00 73.00 80.00 NOTE
r-patched-linux-x86_64 2.3.0 5.51 48.33 53.84 NOTE
r-release-linux-x86_64 2.3.0 5.83 46.54 52.37 NOTE
r-release-macos-arm64 2.3.0 28.00 NOTE
r-release-macos-x86_64 2.3.0 59.00 NOTE
r-release-windows-x86_64 2.3.0 9.00 76.00 85.00 NOTE
r-oldrel-macos-arm64 2.3.0 31.00 NOTE
r-oldrel-windows-x86_64 2.3.0 10.00 73.00 83.00 NOTE

Check Details

Version: 2.3.0
Check: package dependencies
Result: NOTE Package suggested but not available for checking: ‘spDataLarge’ Flavors: r-devel-linux-x86_64-debian-clang, r-devel-linux-x86_64-debian-gcc, r-devel-linux-x86_64-fedora-clang, r-devel-linux-x86_64-fedora-gcc, r-prerel-macos-arm64, r-prerel-windows-x86_64, r-patched-linux-x86_64, r-release-linux-x86_64, r-release-macos-arm64, r-release-macos-x86_64, r-release-windows-x86_64, r-oldrel-macos-arm64, r-oldrel-windows-x86_64

Version: 2.3.0
Check: Rd files
Result: NOTE checkRd: (-1) afcon.Rd:13: Lost braces in \itemize; meant \describe ? checkRd: (-1) afcon.Rd:14: Lost braces in \itemize; meant \describe ? checkRd: (-1) afcon.Rd:15: Lost braces in \itemize; meant \describe ? checkRd: (-1) afcon.Rd:16: Lost braces in \itemize; meant \describe ? checkRd: (-1) afcon.Rd:17: Lost braces in \itemize; meant \describe ? checkRd: (-1) alaska.Rd:10: Lost braces in \itemize; meant \describe ? checkRd: (-1) alaska.Rd:11: Lost braces in \itemize; meant \describe ? checkRd: (-1) alaska.Rd:12: Lost braces in \itemize; meant \describe ? checkRd: (-1) alaska.Rd:13: Lost braces in \itemize; meant \describe ? checkRd: (-1) alaska.Rd:14: Lost braces in \itemize; meant \describe ? checkRd: (-1) alaska.Rd:15: Lost braces in \itemize; meant \describe ? checkRd: (-1) alaska.Rd:16: Lost braces in \itemize; meant \describe ? checkRd: (-1) auckland.Rd:12: Lost braces in \itemize; meant \describe ? checkRd: (-1) auckland.Rd:13: Lost braces in \itemize; meant \describe ? checkRd: (-1) auckland.Rd:14: Lost braces in \itemize; meant \describe ? checkRd: (-1) auckland.Rd:15: Lost braces in \itemize; meant \describe ? checkRd: (-1) baltimore.Rd:10: Lost braces in \itemize; meant \describe ? checkRd: (-1) baltimore.Rd:11: Lost braces in \itemize; meant \describe ? checkRd: (-1) baltimore.Rd:12: Lost braces in \itemize; meant \describe ? checkRd: (-1) baltimore.Rd:13: Lost braces in \itemize; meant \describe ? checkRd: (-1) baltimore.Rd:14: Lost braces in \itemize; meant \describe ? checkRd: (-1) baltimore.Rd:15: Lost braces in \itemize; meant \describe ? checkRd: (-1) baltimore.Rd:16: Lost braces in \itemize; meant \describe ? checkRd: (-1) baltimore.Rd:17: Lost braces in \itemize; meant \describe ? checkRd: (-1) baltimore.Rd:18: Lost braces in \itemize; meant \describe ? checkRd: (-1) baltimore.Rd:19: Lost braces in \itemize; meant \describe ? checkRd: (-1) baltimore.Rd:20: Lost braces in \itemize; meant \describe ? checkRd: (-1) baltimore.Rd:21: Lost braces in \itemize; meant \describe ? checkRd: (-1) baltimore.Rd:22: Lost braces in \itemize; meant \describe ? checkRd: (-1) baltimore.Rd:23: Lost braces in \itemize; meant \describe ? checkRd: (-1) baltimore.Rd:24: Lost braces in \itemize; meant \describe ? checkRd: (-1) baltimore.Rd:25: Lost braces in \itemize; meant \describe ? checkRd: (-1) baltimore.Rd:26: Lost braces in \itemize; meant \describe ? checkRd: (-1) boston.Rd:13: Lost braces in \itemize; meant \describe ? checkRd: (-1) boston.Rd:14: Lost braces in \itemize; meant \describe ? checkRd: (-1) boston.Rd:15: Lost braces in \itemize; meant \describe ? checkRd: (-1) boston.Rd:16: Lost braces in \itemize; meant \describe ? checkRd: (-1) boston.Rd:17: Lost braces in \itemize; meant \describe ? checkRd: (-1) boston.Rd:18-19: Lost braces in \itemize; meant \describe ? checkRd: (-1) boston.Rd:20-21: Lost braces in \itemize; meant \describe ? checkRd: (-1) boston.Rd:22: Lost braces in \itemize; meant \describe ? checkRd: (-1) boston.Rd:23-24: Lost braces in \itemize; meant \describe ? checkRd: (-1) boston.Rd:25-26: Lost braces in \itemize; meant \describe ? checkRd: (-1) boston.Rd:27-28: Lost braces in \itemize; meant \describe ? checkRd: (-1) boston.Rd:29-30: Lost braces in \itemize; meant \describe ? checkRd: (-1) boston.Rd:31: Lost braces in \itemize; meant \describe ? checkRd: (-1) boston.Rd:32-33: Lost braces in \itemize; meant \describe ? checkRd: (-1) boston.Rd:34-35: Lost braces in \itemize; meant \describe ? checkRd: (-1) boston.Rd:36-37: Lost braces in \itemize; meant \describe ? checkRd: (-1) boston.Rd:38-39: Lost braces in \itemize; meant \describe ? checkRd: (-1) boston.Rd:40-41: Lost braces in \itemize; meant \describe ? checkRd: (-1) boston.Rd:42-43: Lost braces in \itemize; meant \describe ? checkRd: (-1) boston.Rd:44-45: Lost braces in \itemize; meant \describe ? checkRd: (-1) boston.Rd:57: Lost braces in \itemize; meant \describe ? checkRd: (-1) boston.Rd:58: Lost braces in \itemize; meant \describe ? checkRd: (-1) boston.Rd:59: Lost braces in \itemize; meant \describe ? checkRd: (-1) boston.Rd:60: Lost braces in \itemize; meant \describe ? checkRd: (-1) boston.Rd:61: Lost braces in \itemize; meant \describe ? checkRd: (-1) boston.Rd:62: Lost braces in \itemize; meant \describe ? checkRd: (-1) boston.Rd:63: Lost braces in \itemize; meant \describe ? checkRd: (-1) boston.Rd:64: Lost braces in \itemize; meant \describe ? checkRd: (-1) boston.Rd:65: Lost braces in \itemize; meant \describe ? checkRd: (-1) boston.Rd:66: Lost braces in \itemize; meant \describe ? checkRd: (-1) coffee_data.Rd:10: Lost braces in \itemize; meant \describe ? checkRd: (-1) coffee_data.Rd:11: Lost braces in \itemize; meant \describe ? checkRd: (-1) coffee_data.Rd:12: Lost braces in \itemize; meant \describe ? checkRd: (-1) columbus.Rd:14: Lost braces in \itemize; meant \describe ? checkRd: (-1) columbus.Rd:15: Lost braces in \itemize; meant \describe ? checkRd: (-1) columbus.Rd:16: Lost braces in \itemize; meant \describe ? checkRd: (-1) columbus.Rd:17: Lost braces in \itemize; meant \describe ? checkRd: (-1) columbus.Rd:18: Lost braces in \itemize; meant \describe ? checkRd: (-1) columbus.Rd:19-20: Lost braces in \itemize; meant \describe ? checkRd: (-1) columbus.Rd:21: Lost braces in \itemize; meant \describe ? checkRd: (-1) columbus.Rd:22: Lost braces in \itemize; meant \describe ? checkRd: (-1) columbus.Rd:23-24: Lost braces in \itemize; meant \describe ? checkRd: (-1) columbus.Rd:25: Lost braces in \itemize; meant \describe ? checkRd: (-1) columbus.Rd:26: Lost braces in \itemize; meant \describe ? checkRd: (-1) columbus.Rd:27: Lost braces in \itemize; meant \describe ? checkRd: (-1) columbus.Rd:28: Lost braces in \itemize; meant \describe ? checkRd: (-1) columbus.Rd:29: Lost braces in \itemize; meant \describe ? checkRd: (-1) columbus.Rd:30: Lost braces in \itemize; meant \describe ? checkRd: (-1) columbus.Rd:31: Lost braces in \itemize; meant \describe ? checkRd: (-1) columbus.Rd:32: Lost braces in \itemize; meant \describe ? checkRd: (-1) columbus.Rd:33: Lost braces in \itemize; meant \describe ? checkRd: (-1) columbus.Rd:34: Lost braces in \itemize; meant \describe ? checkRd: (-1) columbus.Rd:35: Lost braces in \itemize; meant \describe ? checkRd: (-1) cycle_hire.Rd:10: Lost braces in \itemize; meant \describe ? checkRd: (-1) cycle_hire.Rd:11: Lost braces in \itemize; meant \describe ? checkRd: (-1) cycle_hire.Rd:12: Lost braces in \itemize; meant \describe ? checkRd: (-1) cycle_hire.Rd:13: Lost braces in \itemize; meant \describe ? checkRd: (-1) cycle_hire.Rd:14: Lost braces in \itemize; meant \describe ? checkRd: (-1) cycle_hire.Rd:15: Lost braces in \itemize; meant \describe ? checkRd: (-1) cycle_hire_osm.Rd:9: Lost braces in \itemize; meant \describe ? checkRd: (-1) cycle_hire_osm.Rd:10: Lost braces in \itemize; meant \describe ? checkRd: (-1) cycle_hire_osm.Rd:11: Lost braces in \itemize; meant \describe ? checkRd: (-1) cycle_hire_osm.Rd:12: Lost braces in \itemize; meant \describe ? checkRd: (-1) cycle_hire_osm.Rd:13: Lost braces in \itemize; meant \describe ? checkRd: (-1) cycle_hire_osm.Rd:14: Lost braces in \itemize; meant \describe ? checkRd: (-1) depmunic.Rd:10: Lost braces in \itemize; meant \describe ? checkRd: (-1) depmunic.Rd:11: Lost braces in \itemize; meant \describe ? checkRd: (-1) depmunic.Rd:12: Lost braces in \itemize; meant \describe ? checkRd: (-1) depmunic.Rd:13: Lost braces in \itemize; meant \describe ? checkRd: (-1) depmunic.Rd:14: Lost braces in \itemize; meant \describe ? checkRd: (-1) depmunic.Rd:15: Lost braces in \itemize; meant \describe ? checkRd: (-1) depmunic.Rd:16: Lost braces in \itemize; meant \describe ? checkRd: (-1) eire.Rd:14: Lost braces in \itemize; meant \describe ? checkRd: (-1) eire.Rd:15: Lost braces in \itemize; meant \describe ? checkRd: (-1) eire.Rd:16: Lost braces in \itemize; meant \describe ? checkRd: (-1) eire.Rd:17: Lost braces in \itemize; meant \describe ? checkRd: (-1) eire.Rd:18: Lost braces in \itemize; meant \describe ? checkRd: (-1) eire.Rd:19: Lost braces in \itemize; meant \describe ? checkRd: (-1) eire.Rd:20: Lost braces in \itemize; meant \describe ? checkRd: (-1) eire.Rd:21: Lost braces in \itemize; meant \describe ? checkRd: (-1) eire.Rd:22: Lost braces in \itemize; meant \describe ? checkRd: (-1) eire.Rd:23: Lost braces in \itemize; meant \describe ? checkRd: (-1) elect80.Rd:14: Lost braces in \itemize; meant \describe ? checkRd: (-1) elect80.Rd:15: Lost braces in \itemize; meant \describe ? checkRd: (-1) elect80.Rd:16: Lost braces in \itemize; meant \describe ? checkRd: (-1) elect80.Rd:17: Lost braces in \itemize; meant \describe ? checkRd: (-1) elect80.Rd:18: Lost braces in \itemize; meant \describe ? checkRd: (-1) elect80.Rd:19: Lost braces in \itemize; meant \describe ? checkRd: (-1) elect80.Rd:20: Lost braces in \itemize; meant \describe ? checkRd: (-1) getisord.Rd:13: Lost braces in \itemize; meant \describe ? checkRd: (-1) getisord.Rd:14: Lost braces in \itemize; meant \describe ? checkRd: (-1) getisord.Rd:15: Lost braces in \itemize; meant \describe ? checkRd: (-1) hawaii.Rd:10: Lost braces in \itemize; meant \describe ? checkRd: (-1) hawaii.Rd:11: Lost braces in \itemize; meant \describe ? checkRd: (-1) hawaii.Rd:12: Lost braces in \itemize; meant \describe ? checkRd: (-1) hawaii.Rd:13: Lost braces in \itemize; meant \describe ? checkRd: (-1) hawaii.Rd:14: Lost braces in \itemize; meant \describe ? checkRd: (-1) hawaii.Rd:15: Lost braces in \itemize; meant \describe ? checkRd: (-1) hawaii.Rd:16: Lost braces in \itemize; meant \describe ? checkRd: (-1) house.Rd:12: Lost braces in \itemize; meant \describe ? checkRd: (-1) house.Rd:13: Lost braces in \itemize; meant \describe ? checkRd: (-1) house.Rd:14: Lost braces in \itemize; meant \describe ? checkRd: (-1) house.Rd:15: Lost braces in \itemize; meant \describe ? checkRd: (-1) house.Rd:16: Lost braces in \itemize; meant \describe ? checkRd: (-1) house.Rd:17: Lost braces in \itemize; meant \describe ? checkRd: (-1) house.Rd:18: Lost braces in \itemize; meant \describe ? checkRd: (-1) house.Rd:19: Lost braces in \itemize; meant \describe ? checkRd: (-1) house.Rd:20: Lost braces in \itemize; meant \describe ? checkRd: (-1) house.Rd:21: Lost braces in \itemize; meant \describe ? checkRd: (-1) house.Rd:22: Lost braces in \itemize; meant \describe ? checkRd: (-1) house.Rd:23: Lost braces in \itemize; meant \describe ? checkRd: (-1) house.Rd:24: Lost braces in \itemize; meant \describe ? checkRd: (-1) house.Rd:25: Lost braces in \itemize; meant \describe ? checkRd: (-1) house.Rd:26: Lost braces in \itemize; meant \describe ? checkRd: (-1) house.Rd:27: Lost braces in \itemize; meant \describe ? checkRd: (-1) house.Rd:28: Lost braces in \itemize; meant \describe ? checkRd: (-1) house.Rd:29: Lost braces in \itemize; meant \describe ? checkRd: (-1) house.Rd:30: Lost braces in \itemize; meant \describe ? checkRd: (-1) house.Rd:31: Lost braces in \itemize; meant \describe ? checkRd: (-1) house.Rd:32: Lost braces in \itemize; meant \describe ? checkRd: (-1) house.Rd:33: Lost braces in \itemize; meant \describe ? checkRd: (-1) house.Rd:34: Lost braces in \itemize; meant \describe ? checkRd: (-1) house.Rd:35: Lost braces in \itemize; meant \describe ? checkRd: (-1) huddersfield.Rd:10: Lost braces in \itemize; meant \describe ? checkRd: (-1) huddersfield.Rd:11: Lost braces in \itemize; meant \describe ? checkRd: (-1) jenks71.Rd:10: Lost braces in \itemize; meant \describe ? checkRd: (-1) jenks71.Rd:11: Lost braces in \itemize; meant \describe ? checkRd: (-1) lnd.Rd:9: Lost braces in \itemize; meant \describe ? checkRd: (-1) lnd.Rd:10: Lost braces in \itemize; meant \describe ? checkRd: (-1) lnd.Rd:11: Lost braces in \itemize; meant \describe ? checkRd: (-1) lnd.Rd:12: Lost braces in \itemize; meant \describe ? checkRd: (-1) lnd.Rd:13: Lost braces in \itemize; meant \describe ? checkRd: (-1) lnd.Rd:14: Lost braces in \itemize; meant \describe ? checkRd: (-1) lnd.Rd:15: Lost braces in \itemize; meant \describe ? checkRd: (-1) lnd.Rd:16: Lost braces in \itemize; meant \describe ? checkRd: (-1) nc.sids.Rd:14: Lost braces in \itemize; meant \describe ? checkRd: (-1) nc.sids.Rd:15: Lost braces in \itemize; meant \describe ? checkRd: (-1) nc.sids.Rd:16: Lost braces in \itemize; meant \describe ? checkRd: (-1) nc.sids.Rd:17: Lost braces in \itemize; meant \describe ? checkRd: (-1) nc.sids.Rd:18: Lost braces in \itemize; meant \describe ? checkRd: (-1) nc.sids.Rd:19: Lost braces in \itemize; meant \describe ? checkRd: (-1) nc.sids.Rd:20: Lost braces in \itemize; meant \describe ? checkRd: (-1) nc.sids.Rd:21: Lost braces in \itemize; meant \describe ? checkRd: (-1) nc.sids.Rd:22: Lost braces in \itemize; meant \describe ? checkRd: (-1) nc.sids.Rd:23: Lost braces in \itemize; meant \describe ? checkRd: (-1) nc.sids.Rd:24: Lost braces in \itemize; meant \describe ? checkRd: (-1) nc.sids.Rd:25: Lost braces in \itemize; meant \describe ? checkRd: (-1) nc.sids.Rd:26: Lost braces in \itemize; meant \describe ? checkRd: (-1) nc.sids.Rd:27: Lost braces in \itemize; meant \describe ? checkRd: (-1) nc.sids.Rd:28: Lost braces in \itemize; meant \describe ? checkRd: (-1) nc.sids.Rd:29: Lost braces in \itemize; meant \describe ? checkRd: (-1) nc.sids.Rd:30: Lost braces in \itemize; meant \describe ? checkRd: (-1) nc.sids.Rd:31: Lost braces in \itemize; meant \describe ? checkRd: (-1) nc.sids.Rd:32: Lost braces in \itemize; meant \describe ? checkRd: (-1) nc.sids.Rd:33: Lost braces in \itemize; meant \describe ? checkRd: (-1) nydata.Rd:12: Lost braces in \itemize; meant \describe ? checkRd: (-1) nydata.Rd:13: Lost braces in \itemize; meant \describe ? checkRd: (-1) nydata.Rd:14: Lost braces in \itemize; meant \describe ? checkRd: (-1) nydata.Rd:15: Lost braces in \itemize; meant \describe ? checkRd: (-1) nydata.Rd:16: Lost braces in \itemize; meant \describe ? checkRd: (-1) nydata.Rd:17: Lost braces in \itemize; meant \describe ? checkRd: (-1) nydata.Rd:18: Lost braces in \itemize; meant \describe ? checkRd: (-1) nydata.Rd:19: Lost braces in \itemize; meant \describe ? checkRd: (-1) nydata.Rd:20: Lost braces in \itemize; meant \describe ? checkRd: (-1) nydata.Rd:21: Lost braces in \itemize; meant \describe ? checkRd: (-1) nydata.Rd:22: Lost braces in \itemize; meant \describe ? checkRd: (-1) nydata.Rd:23: Lost braces in \itemize; meant \describe ? checkRd: (-1) nz.Rd:11: Lost braces in \itemize; meant \describe ? checkRd: (-1) nz.Rd:12: Lost braces in \itemize; meant \describe ? checkRd: (-1) nz.Rd:13: Lost braces in \itemize; meant \describe ? checkRd: (-1) nz.Rd:14: Lost braces in \itemize; meant \describe ? checkRd: (-1) nz.Rd:15: Lost braces in \itemize; meant \describe ? checkRd: (-1) nz.Rd:16: Lost braces in \itemize; meant \describe ? checkRd: (-1) nz.Rd:17: Lost braces in \itemize; meant \describe ? checkRd: (-1) nz_height.Rd:10: Lost braces in \itemize; meant \describe ? checkRd: (-1) nz_height.Rd:11: Lost braces in \itemize; meant \describe ? checkRd: (-1) nz_height.Rd:12: Lost braces in \itemize; meant \describe ? checkRd: (-1) properties.Rd:10: Lost braces in \itemize; meant \describe ? checkRd: (-1) properties.Rd:11: Lost braces in \itemize; meant \describe ? checkRd: (-1) properties.Rd:12: Lost braces in \itemize; meant \describe ? checkRd: (-1) properties.Rd:13: Lost braces in \itemize; meant \describe ? checkRd: (-1) properties.Rd:14: Lost braces in \itemize; meant \describe ? checkRd: (-1) properties.Rd:15: Lost braces in \itemize; meant \describe ? checkRd: (-1) seine.Rd:11: Lost braces in \itemize; meant \describe ? checkRd: (-1) seine.Rd:12: Lost braces in \itemize; meant \describe ? checkRd: (-1) urban_agglomerations.Rd:10: Lost braces in \itemize; meant \describe ? checkRd: (-1) urban_agglomerations.Rd:11: Lost braces in \itemize; meant \describe ? checkRd: (-1) urban_agglomerations.Rd:12: Lost braces in \itemize; meant \describe ? checkRd: (-1) urban_agglomerations.Rd:13: Lost braces in \itemize; meant \describe ? checkRd: (-1) urban_agglomerations.Rd:14: Lost braces in \itemize; meant \describe ? checkRd: (-1) us_states.Rd:10: Lost braces in \itemize; meant \describe ? checkRd: (-1) us_states.Rd:11: Lost braces in \itemize; meant \describe ? checkRd: (-1) us_states.Rd:12: Lost braces in \itemize; meant \describe ? checkRd: (-1) us_states.Rd:13: Lost braces in \itemize; meant \describe ? checkRd: (-1) us_states.Rd:14: Lost braces in \itemize; meant \describe ? checkRd: (-1) us_states.Rd:15: Lost braces in \itemize; meant \describe ? checkRd: (-1) us_states.Rd:16: Lost braces in \itemize; meant \describe ? checkRd: (-1) us_states_df.Rd:10: Lost braces in \itemize; meant \describe ? checkRd: (-1) us_states_df.Rd:11: Lost braces in \itemize; meant \describe ? checkRd: (-1) us_states_df.Rd:12: Lost braces in \itemize; meant \describe ? checkRd: (-1) us_states_df.Rd:13: Lost braces in \itemize; meant \describe ? checkRd: (-1) us_states_df.Rd:14: Lost braces in \itemize; meant \describe ? checkRd: (-1) used.cars.Rd:11: Lost braces in \itemize; meant \describe ? checkRd: (-1) used.cars.Rd:12: Lost braces in \itemize; meant \describe ? checkRd: (-1) wheat.Rd:10: Lost braces in \itemize; meant \describe ? checkRd: (-1) wheat.Rd:11: Lost braces in \itemize; meant \describe ? checkRd: (-1) wheat.Rd:12: Lost braces in \itemize; meant \describe ? checkRd: (-1) wheat.Rd:13: Lost braces in \itemize; meant \describe ? checkRd: (-1) wheat.Rd:14: Lost braces in \itemize; meant \describe ? checkRd: (-1) wheat.Rd:15: Lost braces in \itemize; meant \describe ? checkRd: (-1) world.Rd:11: Lost braces in \itemize; meant \describe ? checkRd: (-1) world.Rd:12: Lost braces in \itemize; meant \describe ? checkRd: (-1) world.Rd:13: Lost braces in \itemize; meant \describe ? checkRd: (-1) world.Rd:14: Lost braces in \itemize; meant \describe ? checkRd: (-1) world.Rd:15: Lost braces in \itemize; meant \describe ? checkRd: (-1) world.Rd:16: Lost braces in \itemize; meant \describe ? checkRd: (-1) world.Rd:17: Lost braces in \itemize; meant \describe ? checkRd: (-1) world.Rd:18: Lost braces in \itemize; meant \describe ? checkRd: (-1) world.Rd:19: Lost braces in \itemize; meant \describe ? checkRd: (-1) world.Rd:20: Lost braces in \itemize; meant \describe ? checkRd: (-1) world.Rd:21: Lost braces in \itemize; meant \describe ? checkRd: (-1) worldbank_df.Rd:10: Lost braces in \itemize; meant \describe ? checkRd: (-1) worldbank_df.Rd:11: Lost braces in \itemize; meant \describe ? checkRd: (-1) worldbank_df.Rd:12: Lost braces in \itemize; meant \describe ? checkRd: (-1) worldbank_df.Rd:13: Lost braces in \itemize; meant \describe ? checkRd: (-1) worldbank_df.Rd:14: Lost braces in \itemize; meant \describe ? checkRd: (-1) worldbank_df.Rd:15: Lost braces in \itemize; meant \describe ? checkRd: (-1) worldbank_df.Rd:16: Lost braces in \itemize; meant \describe ? Flavors: r-devel-linux-x86_64-debian-clang, r-devel-linux-x86_64-debian-gcc, r-devel-linux-x86_64-fedora-clang, r-devel-linux-x86_64-fedora-gcc, r-prerel-macos-arm64, r-prerel-windows-x86_64, r-patched-linux-x86_64

Version: 2.3.0
Check: installed package size
Result: NOTE installed size is 6.5Mb sub-directories of 1Mb or more: data 2.5Mb shapes 3.2Mb Flavors: r-devel-linux-x86_64-fedora-clang, r-prerel-macos-arm64, r-prerel-windows-x86_64, r-release-macos-arm64, r-release-macos-x86_64, r-release-windows-x86_64, r-oldrel-macos-arm64, r-oldrel-windows-x86_64

Version: 2.3.0
Check: data for non-ASCII characters
Result: NOTE Note: found 56 marked UTF-8 strings Flavors: r-devel-linux-x86_64-fedora-clang, r-devel-linux-x86_64-fedora-gcc