CRAN Package Check Results for Package sperrorest

Last updated on 2024-04-14 22:54:31 CEST.

Flavor Version Tinstall Tcheck Ttotal Status Flags
r-devel-linux-x86_64-debian-clang 3.0.5 8.61 165.13 173.74 NOTE --no-vignettes
r-devel-linux-x86_64-debian-gcc 3.0.5 7.54 113.66 121.20 NOTE --no-vignettes
r-devel-linux-x86_64-fedora-clang 3.0.5 536.96 NOTE
r-devel-linux-x86_64-fedora-gcc 3.0.5 530.85 NOTE
r-devel-windows-x86_64 3.0.5 10.00 221.00 231.00 NOTE
r-patched-linux-x86_64 3.0.5 9.61 154.31 163.92 NOTE --no-vignettes
r-release-linux-x86_64 3.0.5 7.90 150.07 157.97 OK --no-vignettes
r-release-macos-arm64 3.0.5 118.00 OK
r-release-macos-x86_64 3.0.5 198.00 OK
r-release-windows-x86_64 3.0.5 12.00 265.00 277.00 OK
r-oldrel-macos-arm64 3.0.5 183.00 OK
r-oldrel-windows-x86_64 3.0.5 13.00 263.00 276.00 OK

Check Details

Version: 3.0.5
Flags: --no-vignettes
Check: Rd files
Result: NOTE checkRd: (-1) partition_cv.Rd:36: Lost braces; missing escapes or markup? 36 | if \code{TRUE} (used internally by other {sperrorest} functions), return a | ^ checkRd: (-1) partition_cv_strat.Rd:28: Lost braces; missing escapes or markup? 28 | if \code{TRUE} (used internally by other {sperrorest} functions), return a | ^ checkRd: (-1) partition_factor.Rd:28: Lost braces; missing escapes or markup? 28 | if \code{TRUE} (used internally by other {sperrorest} functions), return a | ^ checkRd: (-1) partition_factor_cv.Rd:43: Lost braces; missing escapes or markup? 43 | if \code{TRUE} (used internally by other {sperrorest} functions), return a | ^ checkRd: (-1) partition_kmeans.Rd:41: Lost braces; missing escapes or markup? 41 | if \code{TRUE} (used internally by other {sperrorest} functions), return a | ^ checkRd: (-1) partition_tiles.Rd:78: Lost braces; missing escapes or markup? 78 | if \code{TRUE} (used internally by other {sperrorest} functions), return a | ^ checkRd: (-1) sperrorest.Rd:55: Lost braces; missing escapes or markup? 55 | \code{formula} and \code{data} argument, which are provided by {sperrorest})} | ^ checkRd: (-1) sperrorest.Rd:63: Lost braces; missing escapes or markup? 63 | {sperrorest}).} | ^ checkRd: (-1) sperrorest.Rd:135: Lost braces; missing escapes or markup? 135 | A list (object of class {sperrorest}) with (up to) six components: | ^ checkRd: (-1) sperrorest.Rd:148: Lost braces; missing escapes or markup? 148 | information about the {sperrorest} package version | ^ checkRd: (-1) summary.sperroresterror.Rd:5: Lost braces; missing escapes or markup? 5 | \title{Summarize error statistics obtained by {sperrorest}} | ^ checkRd: (-1) summary.sperrorestimportance.Rd:5: Lost braces; missing escapes or markup? 5 | \title{Summarize variable importance statistics obtained by {sperrorest}} | ^ Flavors: r-devel-linux-x86_64-debian-clang, r-devel-linux-x86_64-debian-gcc, r-patched-linux-x86_64

Version: 3.0.5
Check: Rd files
Result: NOTE checkRd: (-1) partition_cv.Rd:36: Lost braces; missing escapes or markup? 36 | if \code{TRUE} (used internally by other {sperrorest} functions), return a | ^ checkRd: (-1) partition_cv_strat.Rd:28: Lost braces; missing escapes or markup? 28 | if \code{TRUE} (used internally by other {sperrorest} functions), return a | ^ checkRd: (-1) partition_factor.Rd:28: Lost braces; missing escapes or markup? 28 | if \code{TRUE} (used internally by other {sperrorest} functions), return a | ^ checkRd: (-1) partition_factor_cv.Rd:43: Lost braces; missing escapes or markup? 43 | if \code{TRUE} (used internally by other {sperrorest} functions), return a | ^ checkRd: (-1) partition_kmeans.Rd:41: Lost braces; missing escapes or markup? 41 | if \code{TRUE} (used internally by other {sperrorest} functions), return a | ^ checkRd: (-1) partition_tiles.Rd:78: Lost braces; missing escapes or markup? 78 | if \code{TRUE} (used internally by other {sperrorest} functions), return a | ^ checkRd: (-1) sperrorest.Rd:55: Lost braces; missing escapes or markup? 55 | \code{formula} and \code{data} argument, which are provided by {sperrorest})} | ^ checkRd: (-1) sperrorest.Rd:63: Lost braces; missing escapes or markup? 63 | {sperrorest}).} | ^ checkRd: (-1) sperrorest.Rd:135: Lost braces; missing escapes or markup? 135 | A list (object of class {sperrorest}) with (up to) six components: | ^ checkRd: (-1) sperrorest.Rd:148: Lost braces; missing escapes or markup? 148 | information about the {sperrorest} package version | ^ checkRd: (-1) summary.sperroresterror.Rd:5: Lost braces; missing escapes or markup? 5 | \title{Summarize error statistics obtained by {sperrorest}} | ^ checkRd: (-1) summary.sperrorestimportance.Rd:5: Lost braces; missing escapes or markup? 5 | \title{Summarize variable importance statistics obtained by {sperrorest}} | ^ Flavors: r-devel-linux-x86_64-fedora-clang, r-devel-linux-x86_64-fedora-gcc, r-devel-windows-x86_64