Last updated on 2023-12-09 06:02:21 CET.
Flavor | Version | Tinstall | Tcheck | Ttotal | Status | Flags |
---|---|---|---|---|---|---|
r-devel-linux-x86_64-debian-clang | 2.2.1 | 17.22 | 188.25 | 205.47 | NOTE | |
r-devel-linux-x86_64-debian-gcc | 2.2.1 | 10.31 | 142.39 | 152.70 | NOTE | |
r-devel-linux-x86_64-fedora-clang | 2.2.1 | 248.88 | NOTE | |||
r-devel-linux-x86_64-fedora-gcc | 2.2.1 | 251.94 | NOTE | |||
r-devel-windows-x86_64 | 2.2.1 | 15.00 | 171.00 | 186.00 | NOTE | |
r-patched-linux-x86_64 | 2.2.1 | 15.82 | 182.06 | 197.88 | OK | |
r-release-linux-x86_64 | 2.2.1 | 11.84 | 176.87 | 188.71 | OK | |
r-release-macos-arm64 | 2.2.1 | 71.00 | OK | |||
r-release-macos-x86_64 | 2.2.1 | 228.00 | OK | |||
r-release-windows-x86_64 | 2.2.1 | 19.00 | 217.00 | 236.00 | OK | |
r-oldrel-macos-arm64 | 2.2.1 | 69.00 | OK | |||
r-oldrel-macos-x86_64 | 2.2.1 | 93.00 | OK | |||
r-oldrel-windows-x86_64 | 2.2.1 | 19.00 | 181.00 | 200.00 | OK |
Version: 2.2.1
Check: Rd files
Result: NOTE
checkRd: (-1) hockey_goaltenders_restricted_area.Rd:38: Lost braces; missing escapes or markup?
38 | "has_trapezoid" key in the \code{rink_params} passed to geom_{league}
| ^
Flavors: r-devel-linux-x86_64-debian-clang, r-devel-linux-x86_64-debian-gcc
Version: 2.2.1
Check: Rd \usage sections
Result: NOTE
Documented arguments not in \usage in Rd file 'basketball_center_circle_fill.Rd':
‘linethickness’
Documented arguments not in \usage in Rd file 'basketball_free_throw_circle_dash.Rd':
‘end_angleThe’
Documented arguments not in \usage in Rd file 'basketball_painted_area.Rd':
‘free_throw_lane_boundary_line_thickness’
Documented arguments not in \usage in Rd file 'curling_features_set_colors.Rd':
‘sheet’ ‘ring_1’ ‘ring_2’ ‘ring_3’
Documented arguments not in \usage in Rd file 'football_field_border.Rd':
‘boundary_thickness’
Documented arguments not in \usage in Rd file 'football_field_border_outline.Rd':
‘boundary_thickness’
Documented arguments not in \usage in Rd file 'hockey_features_set_colors.Rd':
‘boards_color’ ‘center_line_color’ ‘blue_line_color’
‘goal_line_color’ ‘goalkeepers_restricted_area_color’
‘goal_crease_outline_color’ ‘goal_crease_fill_color’
‘referee_crease_color’ ‘center_faceoff_spot_color’
‘faceoff_spot_outer_ring_color’ ‘faceoff_spot_fill_color’
‘center_faceoff_circle_color’ ‘non_center_faceoff_circle_color’
‘faceoff_line_color’ ‘goal_color’ ‘goal_fill_color’
Documented arguments not in \usage in Rd file 'lacrosse_off_field_officials_box.Rd':
‘feature_thickness’
Documented arguments not in \usage in Rd file 'lacrosse_penalty_box_outline.Rd':
‘feature_thickness’
Functions with \usage entries need to have the appropriate \alias
entries, and all their arguments documented.
The \usage entries must correspond to syntactically valid R code.
See chapter ‘Writing R documentation files’ in the ‘Writing R
Extensions’ manual.
Flavors: r-devel-linux-x86_64-debian-clang, r-devel-linux-x86_64-debian-gcc, r-devel-linux-x86_64-fedora-clang, r-devel-linux-x86_64-fedora-gcc, r-devel-windows-x86_64