CRAN Package Check Results for Package staRdom

Last updated on 2024-02-26 23:03:53 CET.

Flavor Version Tinstall Tcheck Ttotal Status Flags
r-devel-linux-x86_64-debian-clang 1.1.28 20.72 293.90 314.62 NOTE
r-devel-linux-x86_64-debian-gcc 1.1.28 16.49 215.51 232.00 NOTE
r-devel-linux-x86_64-fedora-clang 1.1.28 374.10 NOTE
r-devel-linux-x86_64-fedora-gcc 1.1.28 371.91 OK
r-devel-windows-x86_64 1.1.28 19.00 298.00 317.00 OK
r-patched-linux-x86_64 1.1.28 23.52 279.37 302.89 OK
r-release-linux-x86_64 1.1.28 17.91 276.56 294.47 OK
r-release-macos-arm64 1.1.28 122.00 OK
r-release-macos-x86_64 1.1.28 194.00 OK
r-release-windows-x86_64 1.1.28 27.00 371.00 398.00 OK
r-oldrel-macos-arm64 1.1.25 126.00 OK
r-oldrel-windows-x86_64 1.1.25 28.00 352.00 380.00 OK

Check Details

Version: 1.1.28
Check: Rd files
Result: NOTE checkRd: (-1) abs_parms.Rd:67: Lost braces; missing escapes or markup? 67 | \item $S_{275-295}$ slope between 275 and 295 nm calculated with nonlinear regression | ^ checkRd: (-1) abs_parms.Rd:68: Lost braces; missing escapes or markup? 68 | \item $S_{350-400}$ slope between 350 and 400 nm calculated with nonlinear regression | ^ checkRd: (-1) abs_parms.Rd:69: Lost braces; missing escapes or markup? 69 | \item $S_{300-700}$ slope between 275 and 295 nm calculated with nonlinear regression | ^ checkRd: (-1) abs_parms.Rd:70: Lost braces; missing escapes or markup? 70 | \item SR slope ratio, calculated by $S_{275-295}$/$S_{350-400}$ | ^ checkRd: (-1) abs_parms.Rd:70: Lost braces; missing escapes or markup? 70 | \item SR slope ratio, calculated by $S_{275-295}$/$S_{350-400}$ | ^ checkRd: (-1) abs_parms.Rd:71: Lost braces; missing escapes or markup? 71 | \item E2:E3 ratio $a_{250}$/$a_{365}$ | ^ checkRd: (-1) abs_parms.Rd:71: Lost braces; missing escapes or markup? 71 | \item E2:E3 ratio $a_{250}$/$a_{365}$ | ^ checkRd: (-1) abs_parms.Rd:72: Lost braces; missing escapes or markup? 72 | \item E4:E6 ratio $a_{465}$/$a_{665}$ | ^ checkRd: (-1) abs_parms.Rd:72: Lost braces; missing escapes or markup? 72 | \item E4:E6 ratio $a_{465}$/$a_{665}$ | ^ checkRd: (-1) abs_parms.Rd:73: Lost braces; missing escapes or markup? 73 | \item $a_{254}$ absorbance at 254 nm | ^ checkRd: (-1) abs_parms.Rd:74: Lost braces; missing escapes or markup? 74 | \item $a_{300}$ absorbance at 300 nm | ^ Flavors: r-devel-linux-x86_64-debian-clang, r-devel-linux-x86_64-debian-gcc, r-devel-linux-x86_64-fedora-clang