CRAN Package Check Results for Package stars

Last updated on 2023-12-02 23:14:01 CET.

Flavor Version Tinstall Tcheck Ttotal Status Flags
r-devel-linux-x86_64-debian-clang 0.6-4 19.07 399.81 418.88 NOTE
r-devel-linux-x86_64-debian-gcc 0.6-4 15.78 292.55 308.33 NOTE
r-devel-linux-x86_64-fedora-clang 0.6-4 450.89 NOTE
r-devel-linux-x86_64-fedora-gcc 0.6-4 455.79 NOTE
r-devel-windows-x86_64 0.6-4 18.00 317.00 335.00 NOTE
r-patched-linux-x86_64 0.6-4 20.67 376.18 396.85 NOTE
r-release-linux-x86_64 0.6-4 16.61 378.67 395.28 NOTE
r-release-macos-arm64 0.6-4 185.00 NOTE
r-release-macos-x86_64 0.6-4 314.00 NOTE
r-release-windows-x86_64 0.6-4 26.00 399.00 425.00 NOTE
r-oldrel-macos-arm64 0.6-4 172.00 NOTE
r-oldrel-macos-x86_64 0.6-4 130.00 ERROR
r-oldrel-windows-x86_64 0.6-4 24.00 394.00 418.00 NOTE

Additional issues

M1mac

Check Details

Version: 0.6-4
Check: package dependencies
Result: NOTE Package suggested but not available for checking: ‘starsdata’ Flavors: r-devel-linux-x86_64-debian-clang, r-devel-linux-x86_64-debian-gcc, r-devel-linux-x86_64-fedora-clang, r-devel-linux-x86_64-fedora-gcc, r-devel-windows-x86_64, r-patched-linux-x86_64, r-release-linux-x86_64, r-release-macos-arm64, r-release-macos-x86_64, r-release-windows-x86_64, r-oldrel-macos-arm64, r-oldrel-macos-x86_64, r-oldrel-windows-x86_64

Version: 0.6-4
Check: installed package size
Result: NOTE installed size is 6.4Mb sub-directories of 1Mb or more: doc 2.4Mb nc 1.8Mb Flavors: r-devel-linux-x86_64-fedora-clang, r-devel-windows-x86_64, r-release-macos-arm64, r-release-macos-x86_64, r-release-windows-x86_64, r-oldrel-macos-arm64, r-oldrel-macos-x86_64, r-oldrel-windows-x86_64

Version: 0.6-4
Check: examples
Result: ERROR Running examples in ‘stars-Ex.R’ failed The error most likely occurred in: > ### Name: mdim > ### Title: Read or write data using GDAL's multidimensional array API > ### Aliases: mdim read_mdim write_mdim > > ### ** Examples > > set.seed(135) > m = matrix(runif(10), 2, 5) > names(dim(m)) = c("stations", "time") > times = as.Date("2022-05-01") + 1:5 > pts = st_as_sfc(c("POINT(0 1)", "POINT(3 5)")) > s = st_as_stars(list(Precipitation = m)) |> + st_set_dimensions(1, values = pts) |> + st_set_dimensions(2, values = times) > nc = tempfile(fileext=".nc") > if (compareVersion(sf_extSoftVersion()["GDAL"], "3.4.0") > -1) { + write_mdim(s, nc) + # try ncdump on the generated file + print(read_mdim(nc)) + } Error: cannot open driver Execution halted Flavor: r-oldrel-macos-x86_64

Version: 0.6-4
Check: tests
Result: ERROR Running ‘aggregate.R’ [7s/7s] Comparing ‘aggregate.Rout’ to ‘aggregate.Rout.save’ ...4c4 < Linking to GEOS 3.10.2, GDAL 3.4.2, PROJ 8.2.1; sf_use_s2() is TRUE --- > Linking to GEOS 3.11.2, GDAL 3.6.2, PROJ 9.2.0; sf_use_s2() is TRUE Running ‘align.R’ [2s/2s] Comparing ‘align.Rout’ to ‘align.Rout.save’ ... OK Running ‘area.R’ [1s/1s] Comparing ‘area.Rout’ to ‘area.Rout.save’ ... OK Running ‘crop.R’ [4s/4s] Comparing ‘crop.Rout’ to ‘crop.Rout.save’ ... OK Running ‘curvilinear.R’ [1s/1s] Comparing ‘curvilinear.Rout’ to ‘curvilinear.Rout.save’ ... OK Running ‘datasets.R’ [1s/1s] Comparing ‘datasets.Rout’ to ‘datasets.Rout.save’ ... OK Running ‘dimensions.R’ [1s/1s] Running the tests in ‘tests/dimensions.R’ failed. Complete output: > # https://github.com/r-spatial/stars/issues/295 > suppressPackageStartupMessages(library(stars)) > raw <- read_stars(system.file("nc/bcsd_obs_1999.nc", package = "stars")) trying to read file: /Volumes/Builds/packages/high-sierra-x86_64/results/4.2/stars.Rcheck/stars/nc/bcsd_obs_1999.nc Error: file not found Execution halted Flavor: r-oldrel-macos-x86_64