Last updated on 2023-12-11 00:49:21 CET.
Flavor | Version | Tinstall | Tcheck | Ttotal | Status | Flags |
---|---|---|---|---|---|---|
r-devel-linux-x86_64-debian-clang | 1.1.10 | 11.36 | 105.83 | 117.19 | NOTE | |
r-devel-linux-x86_64-debian-gcc | 1.1.10 | 10.42 | 80.22 | 90.64 | NOTE | |
r-devel-linux-x86_64-fedora-clang | 1.1.10 | 149.41 | NOTE | |||
r-devel-linux-x86_64-fedora-gcc | 1.1.10 | 137.74 | NOTE | |||
r-devel-windows-x86_64 | 1.1.10 | 13.00 | 94.00 | 107.00 | NOTE | |
r-patched-linux-x86_64 | 1.1.10 | 15.27 | 104.31 | 119.58 | NOTE | |
r-release-linux-x86_64 | 1.1.10 | 12.13 | 104.76 | 116.89 | NOTE | |
r-release-macos-arm64 | 1.1.10 | 44.00 | NOTE | |||
r-release-macos-x86_64 | 1.1.10 | 76.00 | NOTE | |||
r-release-windows-x86_64 | 1.1.10 | 18.00 | 115.00 | 133.00 | NOTE | |
r-oldrel-macos-arm64 | 1.1.10 | 44.00 | OK | |||
r-oldrel-macos-x86_64 | 1.1.10 | 80.00 | OK | |||
r-oldrel-windows-x86_64 | 1.1.10 | 18.00 | 114.00 | 132.00 | OK |
Version: 1.1.10
Check: Rd files
Result: NOTE
checkRd: (-1) multiCUMSUM.Rd:33: Escaped LaTeX specials: \&
Flavors: r-devel-linux-x86_64-debian-clang, r-devel-linux-x86_64-debian-gcc, r-devel-linux-x86_64-fedora-clang, r-devel-linux-x86_64-fedora-gcc, r-devel-windows-x86_64, r-patched-linux-x86_64, r-release-linux-x86_64, r-release-macos-arm64, r-release-macos-x86_64, r-release-windows-x86_64