CRAN Package Check Results for Package statmod

Last updated on 2024-02-26 23:03:54 CET.

Flavor Version Tinstall Tcheck Ttotal Status Flags
r-devel-linux-x86_64-debian-clang 1.5.0 6.42 46.20 52.62 OK
r-devel-linux-x86_64-debian-gcc 1.5.0 5.20 35.33 40.53 OK
r-devel-linux-x86_64-fedora-clang 1.5.0 66.20 OK
r-devel-linux-x86_64-fedora-gcc 1.5.0 64.41 OK
r-devel-windows-x86_64 1.5.0 10.00 65.00 75.00 OK
r-patched-linux-x86_64 1.5.0 8.07 45.17 53.24 OK
r-release-linux-x86_64 1.5.0 6.98 45.16 52.14 OK
r-release-macos-arm64 1.5.0 28.00 OK
r-release-macos-x86_64 1.5.0 41.00 NOTE
r-release-windows-x86_64 1.5.0 10.00 70.00 80.00 OK
r-oldrel-macos-arm64 1.5.0 25.00 OK
r-oldrel-windows-x86_64 1.5.0 13.00 69.00 82.00 OK

Check Details

Version: 1.5.0
Check: package dependencies
Result: NOTE Package suggested but not available for checking: ‘tweedie’ Flavor: r-release-macos-x86_64

Version: 1.5.0
Check: Rd cross-references
Result: NOTE Package unavailable to check Rd xrefs: ‘tweedie’ Flavor: r-release-macos-x86_64