CRAN Package Check Results for Package stressr

Last updated on 2023-12-07 23:10:22 CET.

Flavor Version Tinstall Tcheck Ttotal Status Flags
r-devel-linux-x86_64-debian-clang 1.0.0 4.32 45.64 49.96 NOTE
r-devel-linux-x86_64-debian-gcc 1.0.0 3.81 35.15 38.96 NOTE
r-devel-linux-x86_64-fedora-clang 1.0.0 67.38 NOTE
r-devel-linux-x86_64-fedora-gcc 1.0.0 61.17 NOTE
r-devel-windows-x86_64 1.0.0 5.00 57.00 62.00 NOTE
r-patched-linux-x86_64 1.0.0 4.58 45.16 49.74 NOTE
r-release-linux-x86_64 1.0.0 3.76 43.55 47.31 NOTE
r-release-macos-arm64 1.0.0 25.00 NOTE
r-release-macos-x86_64 1.0.0 35.00 NOTE
r-release-windows-x86_64 1.0.0 6.00 62.00 68.00 NOTE
r-oldrel-macos-arm64 1.0.0 23.00 NOTE
r-oldrel-macos-x86_64 1.0.0 32.00 NOTE
r-oldrel-windows-x86_64 1.0.0 7.00 68.00 75.00 NOTE

Check Details

Version: 1.0.0
Check: DESCRIPTION meta-information
Result: NOTE Malformed Title field: should not end in a period. Flavors: r-devel-linux-x86_64-debian-clang, r-devel-linux-x86_64-debian-gcc, r-devel-linux-x86_64-fedora-clang, r-devel-linux-x86_64-fedora-gcc, r-devel-windows-x86_64, r-patched-linux-x86_64, r-release-linux-x86_64, r-release-macos-arm64, r-release-macos-x86_64, r-release-windows-x86_64, r-oldrel-macos-arm64, r-oldrel-macos-x86_64, r-oldrel-windows-x86_64