CRAN Package Check Results for Package strip

Last updated on 2024-04-20 23:23:26 CEST.

Flavor Version Tinstall Tcheck Ttotal Status Flags
r-devel-linux-x86_64-debian-clang 1.0.0 2.56 41.88 44.44 NOTE
r-devel-linux-x86_64-debian-gcc 1.0.0 1.77 32.71 34.48 NOTE
r-devel-linux-x86_64-fedora-clang 1.0.0 57.94 NOTE
r-devel-linux-x86_64-fedora-gcc 1.0.0 53.88 NOTE
r-prerel-macos-arm64 1.0.0 22.00 NOTE
r-prerel-windows-x86_64 1.0.0 4.00 53.00 57.00 NOTE
r-patched-linux-x86_64 1.0.0 2.50 40.61 43.11 NOTE
r-release-linux-x86_64 1.0.0 2.74 41.40 44.14 NOTE
r-release-macos-arm64 1.0.0 23.00 NOTE
r-release-macos-x86_64 1.0.0 33.00 NOTE
r-release-windows-x86_64 1.0.0 4.00 58.00 62.00 NOTE
r-oldrel-macos-arm64 1.0.0 27.00 NOTE
r-oldrel-windows-x86_64 1.0.0 4.00 61.00 65.00 NOTE

Check Details

Version: 1.0.0
Check: LazyData
Result: NOTE 'LazyData' is specified without a 'data' directory Flavors: r-devel-linux-x86_64-debian-clang, r-devel-linux-x86_64-debian-gcc, r-devel-linux-x86_64-fedora-clang, r-devel-linux-x86_64-fedora-gcc, r-prerel-macos-arm64, r-prerel-windows-x86_64, r-patched-linux-x86_64, r-release-linux-x86_64, r-release-macos-arm64, r-release-macos-x86_64, r-release-windows-x86_64, r-oldrel-macos-arm64, r-oldrel-windows-x86_64