Last updated on 2023-12-10 04:56:14 CET.
Flavor | Version | Tinstall | Tcheck | Ttotal | Status | Flags |
---|---|---|---|---|---|---|
r-devel-linux-x86_64-debian-clang | 1.5-3-1.0.4 | 99.22 | 88.94 | 188.16 | NOTE | |
r-devel-linux-x86_64-debian-gcc | 1.5-3-1.0.4 | 81.37 | 66.46 | 147.83 | NOTE | |
r-devel-linux-x86_64-fedora-clang | 1.5-3-1.0.4 | 288.23 | NOTE | |||
r-devel-linux-x86_64-fedora-gcc | 1.5-3-1.0.4 | 307.70 | NOTE | |||
r-devel-windows-x86_64 | 1.5-3-1.0.4 | 85.00 | 132.00 | 217.00 | NOTE | |
r-patched-linux-x86_64 | 1.5-3-1.0.4 | 91.40 | 87.40 | 178.80 | NOTE | |
r-release-linux-x86_64 | 1.5-3-1.0.4 | 88.94 | 86.62 | 175.56 | NOTE | |
r-release-macos-arm64 | 1.5-3-1.0.4 | 74.00 | NOTE | |||
r-release-macos-x86_64 | 1.5-3-1.0.4 | 127.00 | NOTE | |||
r-release-windows-x86_64 | 1.5-3-1.0.4 | 107.00 | 152.00 | 259.00 | NOTE | |
r-oldrel-macos-arm64 | 1.5-3-1.0.4 | 63.00 | NOTE | |||
r-oldrel-macos-x86_64 | 1.5-3-1.0.4 | 91.00 | NOTE | |||
r-oldrel-windows-x86_64 | 1.5-3-1.0.4 | 102.00 | 146.00 | 248.00 | OK |
Version: 1.5-3-1.0.4
Check: Rd files
Result: NOTE
checkRd: (-1) Grossarl.Rd:53: Lost braces
53 | \emph{Festschrift 50 Jahre \"{O}sterreichische Statistische Gesellschaft}, 133-146,
| ^
checkRd: (-1) Grossarl.Rd:54: Lost braces
54 | \"{O}sterreichische Statistische Gesellschaft.
| ^
checkRd: (-1) SP2001.Rd:3: Escaped LaTeX specials: \&
checkRd: (-1) SP2001.Rd:5: Escaped LaTeX specials: \&
checkRd: (-1) SP2001.Rd:12: Escaped LaTeX specials: \&
checkRd: (-1) breakpoints.Rd:223: Lost braces
223 | Zeileis A., Kleiber C., Kr\"{a}mer W., Hornik K. (2003), Testing and Dating of
| ^
checkRd: (-1) efp.Rd:109: Lost braces
109 | Kr\"{a}mer W., Ploberger W., Alt R. (1988), Testing for structural change in
| ^
checkRd: (-1) efp.Rd:119: Lost braces
119 | Ploberger W., Kr\"{a}mer W. (1992), The CUSUM test with OLS residuals,
| ^
Flavors: r-devel-linux-x86_64-debian-clang, r-devel-linux-x86_64-debian-gcc
Version: 1.5-3-1.0.4
Check: Rd files
Result: NOTE
checkRd: (-1) SP2001.Rd:3: Escaped LaTeX specials: \&
checkRd: (-1) SP2001.Rd:5: Escaped LaTeX specials: \&
checkRd: (-1) SP2001.Rd:12: Escaped LaTeX specials: \&
Flavors: r-devel-linux-x86_64-fedora-clang, r-devel-linux-x86_64-fedora-gcc, r-devel-windows-x86_64, r-patched-linux-x86_64, r-release-linux-x86_64, r-release-macos-arm64, r-release-macos-x86_64, r-release-windows-x86_64
Version: 1.5-3-1.0.4
Check: installed package size
Result: NOTE
installed size is 5.6Mb
sub-directories of 1Mb or more:
libs 4.3Mb
Flavors: r-release-macos-arm64, r-release-macos-x86_64, r-oldrel-macos-arm64, r-oldrel-macos-x86_64