CRAN Package Check Results for Package syntaxr

Last updated on 2024-07-22 22:56:37 CEST.

Flavor Version Tinstall Tcheck Ttotal Status Flags
r-devel-linux-x86_64-debian-clang 0.8.0 1.66 23.05 24.71 NOTE
r-devel-linux-x86_64-debian-gcc 0.8.0 1.48 17.61 19.09 NOTE
r-devel-linux-x86_64-fedora-clang 0.8.0 31.86 NOTE
r-devel-linux-x86_64-fedora-gcc 0.8.0 29.74 NOTE
r-devel-windows-x86_64 0.8.0 2.00 43.00 45.00 NOTE
r-patched-linux-x86_64 0.8.0 2.09 21.67 23.76 NOTE
r-release-linux-x86_64 0.8.0 1.76 21.91 23.67 NOTE
r-release-macos-arm64 0.8.0 14.00 NOTE
r-release-macos-x86_64 0.8.0 22.00 NOTE
r-release-windows-x86_64 0.8.0 3.00 41.00 44.00 NOTE
r-oldrel-macos-arm64 0.8.0 16.00 NOTE
r-oldrel-macos-x86_64 0.8.0 19.00 NOTE
r-oldrel-windows-x86_64 0.8.0 3.00 41.00 44.00 NOTE

Check Details

Version: 0.8.0
Check: LazyData
Result: NOTE 'LazyData' is specified without a 'data' directory Flavors: r-devel-linux-x86_64-debian-clang, r-devel-linux-x86_64-debian-gcc, r-devel-linux-x86_64-fedora-clang, r-devel-linux-x86_64-fedora-gcc, r-devel-windows-x86_64, r-patched-linux-x86_64, r-release-linux-x86_64, r-release-macos-arm64, r-release-macos-x86_64, r-release-windows-x86_64, r-oldrel-macos-arm64, r-oldrel-macos-x86_64, r-oldrel-windows-x86_64