CRAN Package Check Results for Package systemfonts

Last updated on 2024-02-26 23:03:54 CET.

Flavor Version Tinstall Tcheck Ttotal Status Flags
r-devel-linux-x86_64-debian-clang 1.0.5 49.15 32.56 81.71 OK
r-devel-linux-x86_64-debian-gcc 1.0.5 36.85 25.30 62.15 OK
r-devel-linux-x86_64-fedora-clang 1.0.5 126.38 OK
r-devel-linux-x86_64-fedora-gcc 1.0.5 132.39 OK
r-devel-windows-x86_64 1.0.5 50.00 83.00 133.00 OK
r-patched-linux-x86_64 1.0.5 51.78 31.99 83.77 OK
r-release-linux-x86_64 1.0.5 52.18 31.99 84.17 OK
r-release-macos-arm64 1.0.5 66.00 NOTE
r-release-macos-x86_64 1.0.5 124.00 NOTE
r-release-windows-x86_64 1.0.5 49.00 95.00 144.00 OK
r-oldrel-macos-arm64 1.0.5 62.00 NOTE
r-oldrel-windows-x86_64 1.0.5 56.00 76.00 132.00 OK

Check Details

Version: 1.0.5
Check: installed package size
Result: NOTE installed size is 22.6Mb sub-directories of 1Mb or more: libs 22.4Mb Flavors: r-release-macos-arm64, r-release-macos-x86_64, r-oldrel-macos-arm64