Last updated on 2025-01-18 21:48:37 CET.
Flavor | Version | Tinstall | Tcheck | Ttotal | Status | Flags |
---|---|---|---|---|---|---|
r-devel-linux-x86_64-debian-clang | 1.10.0 | 34.80 | 229.38 | 264.18 | OK | |
r-devel-linux-x86_64-debian-gcc | 1.10.0 | 22.38 | 150.65 | 173.03 | OK | |
r-devel-linux-x86_64-fedora-clang | 1.10.0 | 333.31 | OK | |||
r-devel-linux-x86_64-fedora-gcc | 1.10.0 | 328.30 | OK | |||
r-devel-windows-x86_64 | 1.10.0 | 36.00 | 269.00 | 305.00 | OK | |
r-patched-linux-x86_64 | 1.10.0 | 41.39 | 210.67 | 252.06 | OK | |
r-release-linux-x86_64 | 1.10.0 | 36.37 | 211.47 | 247.84 | OK | |
r-release-macos-arm64 | 1.10.0 | 130.00 | NOTE | |||
r-release-macos-x86_64 | 1.10.0 | 192.00 | OK | |||
r-release-windows-x86_64 | 1.10.0 | 36.00 | 267.00 | 303.00 | OK | |
r-oldrel-macos-arm64 | 1.10.0 | 134.00 | OK | |||
r-oldrel-macos-x86_64 | 1.10.0 | 311.00 | OK | |||
r-oldrel-windows-x86_64 | 1.10.0 | 32.00 | 270.00 | 302.00 | OK |
Version: 1.10.0
Check: package dependencies
Result: NOTE
Package suggested but not available for checking: ‘testthat’
Flavor: r-release-macos-arm64