CRAN Package Check Results for Package teal.widgets

Last updated on 2024-04-19 01:59:04 CEST.

Flavor Version Tinstall Tcheck Ttotal Status Flags
r-devel-linux-x86_64-debian-clang 0.4.2 4.99 83.18 88.17 OK
r-devel-linux-x86_64-debian-gcc 0.4.2 4.89 60.16 65.05 OK
r-devel-linux-x86_64-fedora-clang 0.4.2 132.13 NOTE
r-devel-linux-x86_64-fedora-gcc 0.4.2 142.89 NOTE
r-prerel-macos-arm64 0.4.2 49.00 OK
r-prerel-windows-x86_64 0.4.2 6.00 83.00 89.00 OK
r-patched-linux-x86_64 0.4.2 6.96 75.74 82.70 OK
r-release-linux-x86_64 0.4.2 6.43 77.67 84.10 OK
r-release-macos-arm64 0.4.2 80.00 OK
r-release-macos-x86_64 0.4.2 100.00 OK
r-release-windows-x86_64 0.4.2 8.00 97.00 105.00 OK
r-oldrel-macos-arm64 0.4.2 54.00 OK
r-oldrel-windows-x86_64 0.4.2 10.00 98.00 108.00 OK

Check Details

Version: 0.4.2
Check: for detritus in the temp directory
Result: NOTE Found the following files/directories: ‘Crashpad’ Flavors: r-devel-linux-x86_64-fedora-clang, r-devel-linux-x86_64-fedora-gcc