CRAN Package Check Results for Package texreg

Last updated on 2024-06-23 22:48:43 CEST.

Flavor Version Tinstall Tcheck Ttotal Status Flags
r-devel-linux-x86_64-debian-clang 1.39.3 21.20 175.28 196.48 NOTE
r-devel-linux-x86_64-debian-gcc 1.39.3 15.10 121.21 136.31 NOTE
r-devel-linux-x86_64-fedora-clang 1.39.3 230.74 NOTE
r-devel-linux-x86_64-fedora-gcc 1.39.3 257.89 NOTE
r-devel-windows-x86_64 1.39.3 17.00 169.00 186.00 NOTE
r-patched-linux-x86_64 1.39.3 20.58 158.84 179.42 NOTE
r-release-linux-x86_64 1.39.3 15.63 158.66 174.29 NOTE
r-release-macos-arm64 1.39.3 67.00 NOTE
r-release-macos-x86_64 1.39.3 109.00 NOTE
r-release-windows-x86_64 1.39.3 18.00 172.00 190.00 NOTE
r-oldrel-macos-arm64 1.39.3 79.00 NOTE
r-oldrel-macos-x86_64 1.39.3 166.00 NOTE
r-oldrel-windows-x86_64 1.39.3 22.00 194.00 216.00 NOTE

Check Details

Version: 1.39.3
Check: package dependencies
Result: NOTE Packages which this enhances but not available for checking: 'mnlogit', 'Zelig' Flavors: r-devel-linux-x86_64-debian-clang, r-devel-linux-x86_64-debian-gcc, r-devel-linux-x86_64-fedora-clang, r-devel-linux-x86_64-fedora-gcc, r-devel-windows-x86_64, r-patched-linux-x86_64, r-release-linux-x86_64, r-release-macos-arm64, r-release-macos-x86_64, r-release-windows-x86_64, r-oldrel-macos-arm64, r-oldrel-macos-x86_64, r-oldrel-windows-x86_64