CRAN Package Check Results for Package tfaddons

Last updated on 2024-04-25 01:55:31 CEST.

Flavor Version Tinstall Tcheck Ttotal Status Flags
r-devel-linux-x86_64-debian-clang 0.10.0 9.24 113.81 123.05 NOTE
r-devel-linux-x86_64-debian-gcc 0.10.0 9.01 84.68 93.69 NOTE
r-devel-linux-x86_64-fedora-clang 0.10.0 155.47 NOTE
r-devel-linux-x86_64-fedora-gcc 0.10.0 169.78 NOTE
r-devel-windows-x86_64 0.10.0 11.00 173.00 184.00 NOTE
r-patched-linux-x86_64 0.10.0 12.78 110.60 123.38 NOTE
r-release-linux-x86_64 0.10.0 10.85 111.93 122.78 NOTE
r-release-macos-arm64 0.10.0 50.00 NOTE
r-release-windows-x86_64 0.10.0 13.00 176.00 189.00 NOTE
r-oldrel-macos-arm64 0.10.0 52.00 NOTE
r-oldrel-macos-x86_64 0.10.0 86.00 NOTE
r-oldrel-windows-x86_64 0.10.0 14.00 163.00 177.00 NOTE

Check Details

Version: 0.10.0
Check: Rd files
Result: NOTE checkRd: (-1) callback_average_model_checkpoint.Rd:30: Lost braces; missing escapes or markup? 30 | formatting options like `{epoch}` then `filepath` will be overwritten by each new | ^ checkRd: (-1) callback_average_model_checkpoint.Rd:36: Lost braces; missing escapes or markup? 36 | \item{mode}{one of {auto, min, max}. If `save_best_only=TRUE`, the decision to | ^ checkRd: (-1) callback_average_model_checkpoint.Rd:63: Lost braces; missing escapes or markup? 63 | if `filepath` is `weights.{epoch:02d}-{val_loss:.2f}.hdf5`,: | ^ checkRd: (-1) callback_average_model_checkpoint.Rd:63: Lost braces; missing escapes or markup? 63 | if `filepath` is `weights.{epoch:02d}-{val_loss:.2f}.hdf5`,: | ^ checkRd: (-1) callback_tqdm_progress_bar.Rd:23: Lost braces; missing escapes or markup? 23 | By default: '{l_bar}{bar} {n_fmt}/{total_fmt} ETA: {remaining}s, {rate_fmt}{postfix}'} | ^ checkRd: (-1) callback_tqdm_progress_bar.Rd:23: Lost braces 23 | By default: '{l_bar}{bar} {n_fmt}/{total_fmt} ETA: {remaining}s, {rate_fmt}{postfix}'} | ^ checkRd: (-1) callback_tqdm_progress_bar.Rd:23: Lost braces; missing escapes or markup? 23 | By default: '{l_bar}{bar} {n_fmt}/{total_fmt} ETA: {remaining}s, {rate_fmt}{postfix}'} | ^ checkRd: (-1) callback_tqdm_progress_bar.Rd:23: Lost braces; missing escapes or markup? 23 | By default: '{l_bar}{bar} {n_fmt}/{total_fmt} ETA: {remaining}s, {rate_fmt}{postfix}'} | ^ checkRd: (-1) callback_tqdm_progress_bar.Rd:23: Lost braces; missing escapes or markup? 23 | By default: '{l_bar}{bar} {n_fmt}/{total_fmt} ETA: {remaining}s, {rate_fmt}{postfix}'} | ^ checkRd: (-1) callback_tqdm_progress_bar.Rd:23: Lost braces; missing escapes or markup? 23 | By default: '{l_bar}{bar} {n_fmt}/{total_fmt} ETA: {remaining}s, {rate_fmt}{postfix}'} | ^ checkRd: (-1) callback_tqdm_progress_bar.Rd:23: Lost braces 23 | By default: '{l_bar}{bar} {n_fmt}/{total_fmt} ETA: {remaining}s, {rate_fmt}{postfix}'} | ^ checkRd: (-1) img_interpolate_spline.Rd:46: Lost braces; missing escapes or markup? 46 | f(x) = `\\sum_{i = 1}^n w_i \\phi(||x - c_i||) + v^T x + b`. This is a sum of two terms: | ^ checkRd: (-1) loss_npairs_multilabel.Rd:26: Lost braces; missing escapes or markup? 26 | L_{i,j} = | set_of_labels_for(i) `\\cap` set_of_labels_for(j) | | ^ Flavors: r-devel-linux-x86_64-debian-clang, r-devel-linux-x86_64-debian-gcc, r-devel-linux-x86_64-fedora-clang, r-devel-linux-x86_64-fedora-gcc, r-devel-windows-x86_64, r-patched-linux-x86_64, r-release-macos-arm64, r-release-windows-x86_64

Version: 0.10.0
Check: LazyData
Result: NOTE 'LazyData' is specified without a 'data' directory Flavors: r-devel-linux-x86_64-debian-clang, r-devel-linux-x86_64-debian-gcc, r-devel-linux-x86_64-fedora-clang, r-devel-linux-x86_64-fedora-gcc, r-devel-windows-x86_64, r-patched-linux-x86_64, r-release-linux-x86_64, r-release-macos-arm64, r-release-windows-x86_64, r-oldrel-macos-arm64, r-oldrel-macos-x86_64, r-oldrel-windows-x86_64